INSERT INTO `item_images` (`id`, `item_id`, `icheck_item_id`, `useridentification`, `inventory_id`, `location_id`, `image`, `name`, `casebarcode`, `created_at`, `updated_at`) VALUES
(4131, 41826, 'icheck_0041825', 'mukesh_12345_1560430709126', 26, 24, '15604307321560430683288.jpg', 'MARKUS MOLITOR RIESLING SPATLESE HAUS KLOSERBERG FEINHERB 20', NULL, '2019-06-13 12:58:52', '2019-06-13 12:58:52'),
(4132, 64560, 'icheck_0084067', 'anwar_1234_1560430722107', 27, 20, '15604307371560430711764.jpg', 'HEARST RANCH BUNKHOUSE CABERNET SAUVIGNON 2015 750ML', NULL, '2019-06-13 12:58:57', '2019-06-13 12:58:57'),
(4133, 64560, 'icheck_0084067', 'anwar_1234_1560430722107', 27, 20, '15604307371560430720901.jpg', 'HEARST RANCH BUNKHOUSE CABERNET SAUVIGNON 2015 750ML', NULL, '2019-06-13 12:58:57', '2019-06-13 12:58:57'),
(4134, 64514, 'icheck_0064513', 'sumit_123456_1560430747866', 27, 20, '15604307571560430701107.jpg', 'OCHOTA BARRELS I AM THE OWL SYRAH 2015 750ML', NULL, '2019-06-13 12:59:17', '2019-06-13 12:59:17'),
(4135, 64514, 'icheck_0064513', 'sumit_123456_1560430747866', 27, 20, '15604307571560430737890.jpg', 'OCHOTA BARRELS I AM THE OWL SYRAH 2015 750ML', NULL, '2019-06-13 12:59:17', '2019-06-13 12:59:17'),
(4136, 65046, 'icheck_0084067', 'hitesh_123456_1560430756567', 27, 24, '15604307601560430745396.jpg', 'PAUL MASSON PINEAPPLE BRANDY 200ML', NULL, '2019-06-13 12:59:20', '2019-06-13 12:59:20'),
(4137, 65046, 'icheck_0084067', 'hitesh_123456_1560430756567', 27, 24, '15604307601560430754686.jpg', 'PAUL MASSON PINEAPPLE BRANDY 200ML', NULL, '2019-06-13 12:59:20', '2019-06-13 12:59:20'),
(4138, 64568, 'icheck_0084067', 'anwar_1234_1560430745965', 27, 20, '15604307761560430736492.jpg', 'FAUSTION 1 GRAN RESERVA RIOJA 2004 750ML', NULL, '2019-06-13 12:59:36', '2019-06-13 12:59:36'),
(4139, 64568, 'icheck_0084067', 'anwar_1234_1560430745965', 27, 20, '15604307761560430744875.jpg', 'FAUSTION 1 GRAN RESERVA RIOJA 2004 750ML', NULL, '2019-06-13 12:59:36', '2019-06-13 12:59:36'),
(4140, 41802, 'icheck_0041801', 'vishnu_123_1560430749632', 26, 23, '15604307791560430747799.jpg', 'PLANETA SANTA CECILIA', NULL, '2019-06-13 12:59:40', '2019-06-13 12:59:40'),
(4141, 64590, 'icheck_0082100', 'anwar_1234_1560430769648', 27, 20, '15604307811560430759492.jpg', 'STORMY WEATHER NAPA CABERNET 2009 750ML', NULL, '2019-06-13 12:59:41', '2019-06-13 12:59:41'),
(4142, 64590, 'icheck_0082100', 'anwar_1234_1560430769648', 27, 20, '15604307811560430768207.jpg', 'STORMY WEATHER NAPA CABERNET 2009 750ML', NULL, '2019-06-13 12:59:41', '2019-06-13 12:59:41'),
(4143, 41857, 'icheck_0041856', 'vishnu_123_1560430776998', 26, 23, '15604307821560430774930.jpg', 'POPOV VODKA 80║ LITER', NULL, '2019-06-13 12:59:42', '2019-06-13 12:59:42'),
(4144, 64786, 'icheck_0084067', 'hitesh_123456_1560430785865', 27, 24, '15604307941560430778158.jpg', 'CHIPS $2.00 EACH', NULL, '2019-06-13 12:59:54', '2019-06-13 12:59:54'),
(4145, 64786, 'icheck_0084067', 'hitesh_123456_1560430785865', 27, 24, '15604307941560430785132.jpg', 'CHIPS $2.00 EACH', NULL, '2019-06-13 12:59:54', '2019-06-13 12:59:54'),
(4146, 41800, 'icheck_0041799', 'mukesh_12345_1560430772339', 26, 24, '15604308051560430747915.jpg', 'CASAL THAULERO MONT D ABRUZZO', NULL, '2019-06-13 13:00:05', '2019-06-13 13:00:05'),
(4147, 41800, 'icheck_0041799', 'mukesh_12345_1560430772339', 26, 24, '15604308051560430761229.jpg', 'CASAL THAULERO MONT D ABRUZZO', NULL, '2019-06-13 13:00:05', '2019-06-13 13:00:05'),
(4148, 41861, 'icheck_0041860', 'vishnu_123_1560430809995', 26, 23, '15604308191560430807022.jpg', 'CLIFF LEDE SAUVIGNON BLANC', NULL, '2019-06-13 13:00:19', '2019-06-13 13:00:19'),
(4149, 64505, 'icheck_0064504', 'sumit_123456_1560430812267', 27, 20, '15604308261560430785565.jpg', 'A B SALES PALLET EACH', NULL, '2019-06-13 13:00:26', '2019-06-13 13:00:26'),
(4150, 64505, 'icheck_0064504', 'sumit_123456_1560430812267', 27, 20, '15604308261560430809783.jpg', 'A B SALES PALLET EACH', NULL, '2019-06-13 13:00:26', '2019-06-13 13:00:26'),
(4151, 41856, 'icheck_0041855', 'anwar_1234_1560430867325', 26, 23, '15604308821560430858285.jpg', 'GIRARD PET SIRAH 13', NULL, '2019-06-13 13:01:22', '2019-06-13 13:01:22'),
(4152, 41856, 'icheck_0041855', 'anwar_1234_1560430867325', 26, 23, '15604308821560430866223.jpg', 'GIRARD PET SIRAH 13', NULL, '2019-06-13 13:01:22', '2019-06-13 13:01:22'),
(4153, 41860, 'icheck_0041859', 'vishnu_123_1560430852822', 26, 23, '15604308841560430850980.jpg', 'CLIFF LEDE CABERNET SAUVIGNON STAGS LEAP', NULL, '2019-06-13 13:01:24', '2019-06-13 13:01:24'),
(4154, 64638, 'icheck_0084067', 'hitesh_123456_1560430859307', 27, 24, '15604308941560430802474.jpg', 'PUSSERS 15YRS RUM 750ML', NULL, '2019-06-13 13:01:34', '2019-06-13 13:01:34'),
(4155, 64638, 'icheck_0084067', 'hitesh_123456_1560430859307', 27, 24, '15604308941560430824540.jpg', 'PUSSERS 15YRS RUM 750ML', NULL, '2019-06-13 13:01:34', '2019-06-13 13:01:34'),
(4156, 64638, 'icheck_0084067', 'hitesh_123456_1560430859307', 27, 24, '15604308941560430843962.jpg', 'PUSSERS 15YRS RUM 750ML', NULL, '2019-06-13 13:01:34', '2019-06-13 13:01:34'),
(4157, 64638, 'icheck_0084067', 'hitesh_123456_1560430859307', 27, 24, '15604308941560430857010.jpg', 'PUSSERS 15YRS RUM 750ML', NULL, '2019-06-13 13:01:34', '2019-06-13 13:01:34'),
(4158, 64525, 'icheck_0084067', 'sumit_123456_1560430870479', 27, 20, '15604308941560430852100.jpg', 'CARLO ROSSI MOSCATO SANGRIA 750ML', NULL, '2019-06-13 13:01:34', '2019-06-13 13:01:34'),
(4159, 64525, 'icheck_0084067', 'sumit_123456_1560430870479', 27, 20, '15604308941560430868721.jpg', 'CARLO ROSSI MOSCATO SANGRIA 750ML', NULL, '2019-06-13 13:01:34', '2019-06-13 13:01:34'),
(4160, 41826, 'icheck_0041825', 'anwar_1234_1560430896852', 26, 23, '15604309211560430881470.jpg', 'MARKUS MOLITOR RIESLING SPATLESE HAUS KLOSERBERG FEINHERB 20', NULL, '2019-06-13 13:02:01', '2019-06-13 13:02:01'),
(4161, 41826, 'icheck_0041825', 'anwar_1234_1560430896852', 26, 23, '15604309211560430894082.jpg', 'MARKUS MOLITOR RIESLING SPATLESE HAUS KLOSERBERG FEINHERB 20', NULL, '2019-06-13 13:02:01', '2019-06-13 13:02:01'),
(4162, 84853, 'icheck_0084852', 'vishnu_123_1560430905653', 26, 23, '15604309221560430902520.jpg', 'new_item_Aisle 4_1560430859925', NULL, '2019-06-13 13:02:02', '2019-06-13 13:02:02'),
(4163, 41822, 'icheck_0041821', 'anwar_1234_1560430920999', 26, 23, '15604309581560430911057.jpg', 'Gruet Winery Brut  \'Methode Champenoise\'  Gruet', NULL, '2019-06-13 13:02:38', '2019-06-13 13:02:38'),
(4164, 41822, 'icheck_0041821', 'anwar_1234_1560430920999', 26, 23, '15604309581560430919924.jpg', 'Gruet Winery Brut  \'Methode Champenoise\'  Gruet', NULL, '2019-06-13 13:02:38', '2019-06-13 13:02:38'),
(4165, 64478, 'icheck_0064477', 'hitesh_123456_1560430938881', 27, 24, '15604309611560430905560.jpg', 'TAP DEPOSIT EACH', NULL, '2019-06-13 13:02:41', '2019-06-13 13:02:41'),
(4166, 64478, 'icheck_0064477', 'hitesh_123456_1560430938881', 27, 24, '15604309611560430915391.jpg', 'TAP DEPOSIT EACH', NULL, '2019-06-13 13:02:41', '2019-06-13 13:02:41'),
(4167, 64478, 'icheck_0064477', 'hitesh_123456_1560430938881', 27, 24, '15604309611560430926150.jpg', 'TAP DEPOSIT EACH', NULL, '2019-06-13 13:02:41', '2019-06-13 13:02:41'),
(4168, 64478, 'icheck_0064477', 'hitesh_123456_1560430938881', 27, 24, '15604309611560430937489.jpg', 'TAP DEPOSIT EACH', NULL, '2019-06-13 13:02:41', '2019-06-13 13:02:41'),
(4169, 41853, 'icheck_0041852', 'anwar_1234_1560430944204', 26, 23, '15604309621560430931917.jpg', 'GIRARD ARTISTRY14 6P', NULL, '2019-06-13 13:02:42', '2019-06-13 13:02:42'),
(4170, 41853, 'icheck_0041852', 'anwar_1234_1560430944204', 26, 23, '15604309621560430940546.jpg', 'GIRARD ARTISTRY14 6P', NULL, '2019-06-13 13:02:42', '2019-06-13 13:02:42'),
(4171, 41833, 'icheck_0041832', 'anwar_1234_1560430969044', 26, 23, '15604310001560430955989.jpg', 'Alicante Tinto  \'El Seque\'  Bodegas y Vinedos El Seque', NULL, '2019-06-13 13:03:20', '2019-06-13 13:03:20'),
(4172, 41833, 'icheck_0041832', 'anwar_1234_1560430969044', 26, 23, '15604310001560430967861.jpg', 'Alicante Tinto  \'El Seque\'  Bodegas y Vinedos El Seque', NULL, '2019-06-13 13:03:20', '2019-06-13 13:03:20'),
(4173, 84854, 'icheck_0084853', 'vishnu_123_1560431003041', 26, 23, '15604310191560431001122.jpg', 'new_item_Aisle 4_1560430987982', NULL, '2019-06-13 13:03:39', '2019-06-13 13:03:39'),
(4174, 41800, 'icheck_0041799', 'mukesh_12345_1560431014603', 26, 21, '15604310311560431002796.jpg', 'CASAL THAULERO MONT D ABRUZZO', NULL, '2019-06-13 13:03:51', '2019-06-13 13:03:51'),
(4175, 41800, 'icheck_0041799', 'mukesh_12345_1560431014603', 26, 21, '15604310311560431013020.jpg', 'CASAL THAULERO MONT D ABRUZZO', NULL, '2019-06-13 13:03:51', '2019-06-13 13:03:51'),
(4176, 41826, 'icheck_0041825', 'anwar_1234_1560431015570', 26, 23, '15604310381560431004257.jpg', 'MARKUS MOLITOR RIESLING SPATLESE HAUS KLOSERBERG FEINHERB 20', NULL, '2019-06-13 13:03:58', '2019-06-13 13:03:58'),
(4177, 41826, 'icheck_0041825', 'anwar_1234_1560431015570', 26, 23, '15604310381560431013831.jpg', 'MARKUS MOLITOR RIESLING SPATLESE HAUS KLOSERBERG FEINHERB 20', NULL, '2019-06-13 13:03:58', '2019-06-13 13:03:58'),
(4178, 64479, 'icheck_0064478', 'hitesh_123456_1560430992545', 27, 24, '15604310611560430954961.jpg', 'KEG DEPOSIT EACH', NULL, '2019-06-13 13:04:21', '2019-06-13 13:04:21'),
(4179, 64479, 'icheck_0064478', 'hitesh_123456_1560430992545', 27, 24, '15604310611560430969302.jpg', 'KEG DEPOSIT EACH', NULL, '2019-06-13 13:04:21', '2019-06-13 13:04:21'),
(4180, 64479, 'icheck_0064478', 'hitesh_123456_1560430992545', 27, 24, '15604310611560430978360.jpg', 'KEG DEPOSIT EACH', NULL, '2019-06-13 13:04:21', '2019-06-13 13:04:21'),
(4181, 64479, 'icheck_0064478', 'hitesh_123456_1560430992545', 27, 24, '15604310611560430991021.jpg', 'KEG DEPOSIT EACH', NULL, '2019-06-13 13:04:21', '2019-06-13 13:04:21'),
(4182, 41833, 'icheck_0041832', 'mukesh_12345_1560431055077', 26, 21, '15604310711560431029727.jpg', 'Alicante Tinto  \'El Seque\'  Bodegas y Vinedos El Seque', NULL, '2019-06-13 13:04:31', '2019-06-13 13:04:31'),
(4183, 41833, 'icheck_0041832', 'mukesh_12345_1560431055077', 26, 21, '15604310711560431053452.jpg', 'Alicante Tinto  \'El Seque\'  Bodegas y Vinedos El Seque', NULL, '2019-06-13 13:04:31', '2019-06-13 13:04:31'),
(4184, 41860, 'icheck_0041859', 'anwar_1234_1560431056623', 26, 23, '15604310751560431029709.jpg', 'CLIFF LEDE CABERNET SAUVIGNON STAGS LEAP', NULL, '2019-06-13 13:04:35', '2019-06-13 13:04:35'),
(4185, 41860, 'icheck_0041859', 'anwar_1234_1560431056623', 26, 23, '15604310751560431053931.jpg', 'CLIFF LEDE CABERNET SAUVIGNON STAGS LEAP', NULL, '2019-06-13 13:04:35', '2019-06-13 13:04:35'),
(4186, 41820, 'icheck_0041819', 'mukesh_12345_1560431081209', 26, 21, '15604311101560431068086.jpg', 'HIRAM WALKER (HW) LIQUEUR CREME DE CASSIS', NULL, '2019-06-13 13:05:10', '2019-06-13 13:05:10'),
(4187, 41820, 'icheck_0041819', 'mukesh_12345_1560431081209', 26, 21, '15604311101560431079677.jpg', 'HIRAM WALKER (HW) LIQUEUR CREME DE CASSIS', NULL, '2019-06-13 13:05:10', '2019-06-13 13:05:10'),
(4188, 41859, 'icheck_0041858', 'anwar_1234_1560431083183', 26, 23, '15604311151560431073053.jpg', 'JACK DANIELS SINGLE BARREL RYE 94PF', NULL, '2019-06-13 13:05:15', '2019-06-13 13:05:15'),
(4189, 41859, 'icheck_0041858', 'anwar_1234_1560431083183', 26, 23, '15604311151560431082062.jpg', 'JACK DANIELS SINGLE BARREL RYE 94PF', NULL, '2019-06-13 13:05:15', '2019-06-13 13:05:15'),
(4190, 41812, 'icheck_0041811', 'mukesh_12345_1560431101260', 26, 21, '15604311161560431096129.jpg', 'SMIRNOFF PASSION FRUIT VODKA 50ML 120/12', NULL, '2019-06-13 13:05:16', '2019-06-13 13:05:16'),
(4191, 41878, 'icheck_0041877', 'anwar_1234_1560431109608', 26, 23, '15604311191560431098041.jpg', 'RHINE', NULL, '2019-06-13 13:05:19', '2019-06-13 13:05:19'),
(4192, 41878, 'icheck_0041877', 'anwar_1234_1560431109608', 26, 23, '15604311191560431108402.jpg', 'RHINE', NULL, '2019-06-13 13:05:19', '2019-06-13 13:05:19'),
(4193, 64480, 'icheck_0064479', 'hitesh_123456_1560431032014', 27, 24, '15604311301560431007362.jpg', 'LEMON/LIME EACH', NULL, '2019-06-13 13:05:30', '2019-06-13 13:05:30'),
(4194, 64480, 'icheck_0064479', 'hitesh_123456_1560431032014', 27, 24, '15604311301560431013867.jpg', 'LEMON/LIME EACH', NULL, '2019-06-13 13:05:30', '2019-06-13 13:05:30'),
(4195, 64480, 'icheck_0064479', 'hitesh_123456_1560431032014', 27, 24, '15604311301560431021676.jpg', 'LEMON/LIME EACH', NULL, '2019-06-13 13:05:30', '2019-06-13 13:05:30'),
(4196, 64480, 'icheck_0064479', 'hitesh_123456_1560431032014', 27, 24, '15604311301560431030719.jpg', 'LEMON/LIME EACH', NULL, '2019-06-13 13:05:30', '2019-06-13 13:05:30'),
(4197, 84855, 'icheck_0084854', 'vishnu_123_1560431128155', 26, 25, '15604311471560431126138.jpg', 'new_item_Aisle 6_1560431101785', NULL, '2019-06-13 13:05:47', '2019-06-13 13:05:47'),
(4198, 41881, 'icheck_0041880', 'anwar_1234_1560431135987', 26, 23, '15604311581560431125470.jpg', 'BLUSH CHABLIS', NULL, '2019-06-13 13:05:58', '2019-06-13 13:05:58'),
(4199, 41881, 'icheck_0041880', 'anwar_1234_1560431135987', 26, 23, '15604311581560431134558.jpg', 'BLUSH CHABLIS', NULL, '2019-06-13 13:05:58', '2019-06-13 13:05:58'),
(4200, 64481, 'icheck_0084067', 'hitesh_123456_1560431071042', 27, 24, '15604311651560431045061.jpg', 'NIEBAUM ESTATE 1882 RUBICON CABRENET 2014 750ML', NULL, '2019-06-13 13:06:05', '2019-06-13 13:06:05'),
(4201, 64481, 'icheck_0084067', 'hitesh_123456_1560431071042', 27, 24, '15604311651560431052649.jpg', 'NIEBAUM ESTATE 1882 RUBICON CABRENET 2014 750ML', NULL, '2019-06-13 13:06:05', '2019-06-13 13:06:05'),
(4202, 64481, 'icheck_0084067', 'hitesh_123456_1560431071042', 27, 24, '15604311651560431059866.jpg', 'NIEBAUM ESTATE 1882 RUBICON CABRENET 2014 750ML', NULL, '2019-06-13 13:06:05', '2019-06-13 13:06:05'),
(4203, 64481, 'icheck_0084067', 'hitesh_123456_1560431071042', 27, 24, '15604311651560431067764.jpg', 'NIEBAUM ESTATE 1882 RUBICON CABRENET 2014 750ML', NULL, '2019-06-13 13:06:05', '2019-06-13 13:06:05'),
(4204, 41818, 'icheck_0041817', 'mukesh_12345_1560431163684', 26, 21, '15604311881560431153455.jpg', 'ANTINORI SANTA CRISTINA SANGIOVESE', NULL, '2019-06-13 13:06:28', '2019-06-13 13:06:28'),
(4205, 41818, 'icheck_0041817', 'mukesh_12345_1560431163684', 26, 21, '15604311881560431162503.jpg', 'ANTINORI SANTA CRISTINA SANGIOVESE', NULL, '2019-06-13 13:06:28', '2019-06-13 13:06:28'),
(4206, 41846, 'icheck_0041845', 'anwar_1234_1560431163586', 26, 23, '15604311941560431151754.jpg', 'ARBOLEDA CABERNET SAUVIGNON', NULL, '2019-06-13 13:06:34', '2019-06-13 13:06:34'),
(4207, 41846, 'icheck_0041845', 'anwar_1234_1560431163586', 26, 23, '15604311941560431162029.jpg', 'ARBOLEDA CABERNET SAUVIGNON', NULL, '2019-06-13 13:06:34', '2019-06-13 13:06:34'),
(4208, 84856, 'icheck_0084855', 'vishnu_123_1560431194538', 26, 25, '15604312161560431180238.jpg', 'new_item_Aisle 6_1560431162218', NULL, '2019-06-13 13:06:56', '2019-06-13 13:06:56'),
(4209, 64482, 'icheck_0064481', 'hitesh_123456_1560431123275', 27, 24, '15604312221560431084441.jpg', 'SCOTCH WHISKEY NONE', NULL, '2019-06-13 13:07:02', '2019-06-13 13:07:02'),
(4210, 64482, 'icheck_0064481', 'hitesh_123456_1560431123275', 27, 24, '15604312221560431092640.jpg', 'SCOTCH WHISKEY NONE', NULL, '2019-06-13 13:07:02', '2019-06-13 13:07:02'),
(4211, 64482, 'icheck_0064481', 'hitesh_123456_1560431123275', 27, 24, '15604312221560431101550.jpg', 'SCOTCH WHISKEY NONE', NULL, '2019-06-13 13:07:02', '2019-06-13 13:07:02'),
(4212, 64482, 'icheck_0064481', 'hitesh_123456_1560431123275', 27, 24, '15604312221560431121863.jpg', 'SCOTCH WHISKEY NONE', NULL, '2019-06-13 13:07:02', '2019-06-13 13:07:02'),
(4213, 64660, 'icheck_0084067', 'hitesh_123456_1560431193727', 27, 22, '15604312281560431185361.jpg', 'WEYERBACHER EASTON BROWN & DOWN NR 6PK 12OZ', NULL, '2019-06-13 13:07:08', '2019-06-13 13:07:08'),
(4214, 64660, 'icheck_0084067', 'hitesh_123456_1560431193727', 27, 22, '15604312281560431192637.jpg', 'WEYERBACHER EASTON BROWN & DOWN NR 6PK 12OZ', NULL, '2019-06-13 13:07:08', '2019-06-13 13:07:08'),
(4215, 41818, 'icheck_0041817', 'mukesh_12345_1560431191476', 26, 21, '15604312291560431178645.jpg', 'ANTINORI SANTA CRISTINA SANGIOVESE', NULL, '2019-06-13 13:07:09', '2019-06-13 13:07:09'),
(4216, 41818, 'icheck_0041817', 'mukesh_12345_1560431191476', 26, 21, '15604312291560431190033.jpg', 'ANTINORI SANTA CRISTINA SANGIOVESE', NULL, '2019-06-13 13:07:09', '2019-06-13 13:07:09'),
(4217, 41875, 'icheck_0041874', 'anwar_1234_1560431194574', 26, 23, '15604312301560431184350.jpg', 'SHEFFIELD   TAWNY PORT', NULL, '2019-06-13 13:07:10', '2019-06-13 13:07:10'),
(4218, 41875, 'icheck_0041874', 'anwar_1234_1560431194574', 26, 23, '15604312301560431193371.jpg', 'SHEFFIELD   TAWNY PORT', NULL, '2019-06-13 13:07:10', '2019-06-13 13:07:10'),
(4219, 41837, 'icheck_0041836', 'anwar_1234_1560431222588', 26, 23, '15604312361560431210962.jpg', 'TUNINA', NULL, '2019-06-13 13:07:16', '2019-06-13 13:07:16'),
(4220, 41837, 'icheck_0041836', 'anwar_1234_1560431222588', 26, 23, '15604312361560431220145.jpg', 'TUNINA', NULL, '2019-06-13 13:07:16', '2019-06-13 13:07:16'),
(4221, 41821, 'icheck_0041820', 'mukesh_12345_1560431215474', 26, 21, '15604312361560431203827.jpg', 'C&B P.NOIR N.COAST14', NULL, '2019-06-13 13:07:16', '2019-06-13 13:07:16'),
(4222, 41821, 'icheck_0041820', 'mukesh_12345_1560431215474', 26, 21, '15604312361560431213488.jpg', 'C&B P.NOIR N.COAST14', NULL, '2019-06-13 13:07:16', '2019-06-13 13:07:16'),
(4223, 41887, 'icheck_0041886', 'anwar_1234_1560431250501', 26, 23, '15604312721560431237409.jpg', 'MOND MERLOT NAPA', NULL, '2019-06-13 13:07:52', '2019-06-13 13:07:52'),
(4224, 41887, 'icheck_0041886', 'anwar_1234_1560431250501', 26, 23, '15604312721560431246409.jpg', 'MOND MERLOT NAPA', NULL, '2019-06-13 13:07:52', '2019-06-13 13:07:52'),
(4225, 64485, 'icheck_0084067', 'hitesh_123456_1560431228096', 27, 22, '15604312751560431207628.jpg', 'MCMANIS MERLOT 2016 750ML', NULL, '2019-06-13 13:07:55', '2019-06-13 13:07:55'),
(4226, 64485, 'icheck_0084067', 'hitesh_123456_1560431228096', 27, 22, '15604312751560431218225.jpg', 'MCMANIS MERLOT 2016 750ML', NULL, '2019-06-13 13:07:55', '2019-06-13 13:07:55'),
(4227, 64485, 'icheck_0084067', 'hitesh_123456_1560431228096', 27, 22, '15604312751560431226415.jpg', 'MCMANIS MERLOT 2016 750ML', NULL, '2019-06-13 13:07:55', '2019-06-13 13:07:55'),
(4228, 64483, 'icheck_0084067', 'hitesh_123456_1560431269876', 27, 22, '15604313091560431262454.jpg', 'BASS ALE NR 6PK 12OZ', NULL, '2019-06-13 13:08:29', '2019-06-13 13:08:29'),
(4229, 64483, 'icheck_0084067', 'hitesh_123456_1560431269876', 27, 22, '15604313091560431269011.jpg', 'BASS ALE NR 6PK 12OZ', NULL, '2019-06-13 13:08:29', '2019-06-13 13:08:29'),
(4230, 41896, 'icheck_0041895', 'anwar_1234_1560431284620', 26, 23, '15604313111560431266176.jpg', 'RAMON CARDOVA  RAMON CARDOVA RIOJA 750 ML', NULL, '2019-06-13 13:08:31', '2019-06-13 13:08:31'),
(4231, 41896, 'icheck_0041895', 'anwar_1234_1560431284620', 26, 23, '15604313111560431280667.jpg', 'RAMON CARDOVA  RAMON CARDOVA RIOJA 750 ML', NULL, '2019-06-13 13:08:31', '2019-06-13 13:08:31'),
(4232, 64488, 'icheck_0084067', 'hitesh_123456_1560431299717', 27, 22, '15604313131560431282340.jpg', 'BAREFOOT CABERNET WINTER RED BLEND 750ML', NULL, '2019-06-13 13:08:33', '2019-06-13 13:08:33'),
(4233, 64488, 'icheck_0084067', 'hitesh_123456_1560431299717', 27, 22, '15604313131560431288954.jpg', 'BAREFOOT CABERNET WINTER RED BLEND 750ML', NULL, '2019-06-13 13:08:33', '2019-06-13 13:08:33'),
(4234, 64488, 'icheck_0084067', 'hitesh_123456_1560431299717', 27, 22, '15604313131560431297923.jpg', 'BAREFOOT CABERNET WINTER RED BLEND 750ML', NULL, '2019-06-13 13:08:33', '2019-06-13 13:08:33'),
(4235, 64491, 'icheck_0084067', 'hitesh_123456_1560431333585', 27, 22, '15604313481560431313822.jpg', 'OMMEGANG VALDER DOHAERIS THRONE GAME OF THRONES NR 750ML', NULL, '2019-06-13 13:09:08', '2019-06-13 13:09:08'),
(4236, 64491, 'icheck_0084067', 'hitesh_123456_1560431333585', 27, 22, '15604313481560431322199.jpg', 'OMMEGANG VALDER DOHAERIS THRONE GAME OF THRONES NR 750ML', NULL, '2019-06-13 13:09:08', '2019-06-13 13:09:08'),
(4237, 64491, 'icheck_0084067', 'hitesh_123456_1560431333585', 27, 22, '15604313481560431331555.jpg', 'OMMEGANG VALDER DOHAERIS THRONE GAME OF THRONES NR 750ML', NULL, '2019-06-13 13:09:08', '2019-06-13 13:09:08'),
(4238, 41888, 'icheck_0041887', 'anwar_1234_1560431307687', 26, 23, '15604313501560431296687.jpg', 'Les Jamelles - Chardonnay - Vins De Pays D\'Oc - 2014', NULL, '2019-06-13 13:09:10', '2019-06-13 13:09:10'),
(4239, 41888, 'icheck_0041887', 'anwar_1234_1560431307687', 26, 23, '15604313501560431306405.jpg', 'Les Jamelles - Chardonnay - Vins De Pays D\'Oc - 2014', NULL, '2019-06-13 13:09:10', '2019-06-13 13:09:10'),
(4240, 64530, 'icheck_0084067', 'sumit_123456_1560431231891', 27, 20, '15604313541560431217349.jpg', 'SAGAMORE RYE WHISKEY 750ML', NULL, '2019-06-13 13:09:14', '2019-06-13 13:09:14'),
(4241, 64530, 'icheck_0084067', 'sumit_123456_1560431231891', 27, 20, '15604313541560431230203.jpg', 'SAGAMORE RYE WHISKEY 750ML', NULL, '2019-06-13 13:09:14', '2019-06-13 13:09:14'),
(4242, 41889, 'icheck_0041888', 'anwar_1234_1560431333493', 26, 23, '15604313621560431322998.jpg', 'SEAGRAM GIN & JUICE RED FURY', NULL, '2019-06-13 13:09:22', '2019-06-13 13:09:22'),
(4243, 41889, 'icheck_0041888', 'anwar_1234_1560431333493', 26, 23, '15604313621560431331088.jpg', 'SEAGRAM GIN & JUICE RED FURY', NULL, '2019-06-13 13:09:22', '2019-06-13 13:09:22'),
(4244, 64503, 'icheck_0084067', 'sumit_123456_1560431386110', 27, 20, '15604313901560431358424.jpg', 'YUENGLING PREMIUM NR 6PK 12OZ', NULL, '2019-06-13 13:09:50', '2019-06-13 13:09:50'),
(4245, 64503, 'icheck_0084067', 'sumit_123456_1560431386110', 27, 20, '15604313901560431384540.jpg', 'YUENGLING PREMIUM NR 6PK 12OZ', NULL, '2019-06-13 13:09:50', '2019-06-13 13:09:50'),
(4246, 41886, 'icheck_0041885', 'anwar_1234_1560431361443', 26, 23, '15604314001560431349443.jpg', 'SUTTER HOME Pinot Grigio', NULL, '2019-06-13 13:10:00', '2019-06-13 13:10:00'),
(4247, 41886, 'icheck_0041885', 'anwar_1234_1560431361443', 26, 23, '15604314001560431360338.jpg', 'SUTTER HOME Pinot Grigio', NULL, '2019-06-13 13:10:00', '2019-06-13 13:10:00'),
(4248, 64493, 'icheck_0083743', 'hitesh_123456_1560431367353', 27, 22, '15604314101560431347763.jpg', 'BUD NR 6PK 7OZ', NULL, '2019-06-13 13:10:10', '2019-06-13 13:10:10'),
(4249, 64493, 'icheck_0083743', 'hitesh_123456_1560431367353', 27, 22, '15604314101560431359234.jpg', 'BUD NR 6PK 7OZ', NULL, '2019-06-13 13:10:10', '2019-06-13 13:10:10'),
(4250, 64493, 'icheck_0083743', 'hitesh_123456_1560431367353', 27, 22, '15604314101560431366245.jpg', 'BUD NR 6PK 7OZ', NULL, '2019-06-13 13:10:10', '2019-06-13 13:10:10'),
(4251, 41858, 'icheck_0041857', 'anwar_1234_1560431408171', 26, 23, '15604314421560431393263.jpg', 'SMIRNOFF BLUE 100║ VODKA 750ML 12 PACK', NULL, '2019-06-13 13:10:42', '2019-06-13 13:10:42'),
(4252, 41858, 'icheck_0041857', 'anwar_1234_1560431408171', 26, 23, '15604314421560431406663.jpg', 'SMIRNOFF BLUE 100║ VODKA 750ML 12 PACK', NULL, '2019-06-13 13:10:42', '2019-06-13 13:10:42'),
(4253, 64509, 'icheck_0064508', 'hitesh_123456_1560431409868', 27, 22, '15604314561560431386400.jpg', 'DELIVERY CHARGE EACH', NULL, '2019-06-13 13:10:56', '2019-06-13 13:10:56'),
(4254, 64509, 'icheck_0064508', 'hitesh_123456_1560431409868', 27, 22, '15604314561560431398680.jpg', 'DELIVERY CHARGE EACH', NULL, '2019-06-13 13:10:56', '2019-06-13 13:10:56'),
(4255, 64509, 'icheck_0064508', 'hitesh_123456_1560431409868', 27, 22, '15604314561560431405593.jpg', 'DELIVERY CHARGE EACH', NULL, '2019-06-13 13:10:56', '2019-06-13 13:10:56'),
(4256, 64517, 'icheck_0082100', 'sumit_123456_1560431422776', 27, 20, '15604314601560431407077.jpg', 'INTELLEGO KEDUNGU 2015 RED 750ML', NULL, '2019-06-13 13:11:00', '2019-06-13 13:11:00'),
(4257, 64517, 'icheck_0082100', 'sumit_123456_1560431422776', 27, 20, '15604314601560431421144.jpg', 'INTELLEGO KEDUNGU 2015 RED 750ML', NULL, '2019-06-13 13:11:00', '2019-06-13 13:11:00'),
(4258, 64523, 'icheck_0084067', 'sumit_123456_1560431450982', 27, 20, '15604314651560431437930.jpg', 'SAPPORO RESERVE CAN 22OZ', NULL, '2019-06-13 13:11:05', '2019-06-13 13:11:05'),
(4259, 64523, 'icheck_0084067', 'sumit_123456_1560431450982', 27, 20, '15604314651560431449055.jpg', 'SAPPORO RESERVE CAN 22OZ', NULL, '2019-06-13 13:11:05', '2019-06-13 13:11:05'),
(4260, 41877, 'icheck_0041876', 'anwar_1234_1560431433839', 26, 23, '15604314901560431421276.jpg', 'RHINE 1.5', NULL, '2019-06-13 13:11:30', '2019-06-13 13:11:30'),
(4261, 41877, 'icheck_0041876', 'anwar_1234_1560431433839', 26, 23, '15604314901560431431265.jpg', 'RHINE 1.5', NULL, '2019-06-13 13:11:30', '2019-06-13 13:11:30'),
(4262, 41807, 'icheck_0041806', 'mukesh_12345_1560431478989', 26, 21, '15604314921560431467816.jpg', 'PINE RIDGE CHENIN BLANCVIOGNIER', NULL, '2019-06-13 13:11:32', '2019-06-13 13:11:32'),
(4263, 41807, 'icheck_0041806', 'mukesh_12345_1560431478989', 26, 21, '15604314921560431477808.jpg', 'PINE RIDGE CHENIN BLANCVIOGNIER', NULL, '2019-06-13 13:11:32', '2019-06-13 13:11:32'),
(4264, 41823, 'icheck_0041822', 'vishnu_123_1560431464061', 26, 25, '15604315171560431459157.jpg', 'Gruet Winery Blanc de Noirs  \'Methode Champenoise\'  Gruet', NULL, '2019-06-13 13:11:57', '2019-06-13 13:11:57'),
(4265, 64498, 'icheck_0083142', 'hitesh_123456_1560431449224', 27, 22, '15604315181560431427820.jpg', 'TEDESCHI LUCCHINE VALPOLICELLA 2015 750ML', NULL, '2019-06-13 13:11:58', '2019-06-13 13:11:58'),
(4266, 64498, 'icheck_0083142', 'hitesh_123456_1560431449224', 27, 22, '15604315181560431442242.jpg', 'TEDESCHI LUCCHINE VALPOLICELLA 2015 750ML', NULL, '2019-06-13 13:11:58', '2019-06-13 13:11:58'),
(4267, 64498, 'icheck_0083142', 'hitesh_123456_1560431449224', 27, 22, '15604315181560431448130.jpg', 'TEDESCHI LUCCHINE VALPOLICELLA 2015 750ML', NULL, '2019-06-13 13:11:58', '2019-06-13 13:11:58'),
(4268, 41824, 'icheck_0041823', 'mukesh_12345_1560431515292', 26, 21, '15604315291560431493343.jpg', 'POUJEAUX 10 BEY', NULL, '2019-06-13 13:12:09', '2019-06-13 13:12:09'),
(4269, 41824, 'icheck_0041823', 'mukesh_12345_1560431515292', 26, 21, '15604315291560431504187.jpg', 'POUJEAUX 10 BEY', NULL, '2019-06-13 13:12:09', '2019-06-13 13:12:09'),
(4270, 41824, 'icheck_0041823', 'mukesh_12345_1560431515292', 26, 21, '15604315291560431513842.jpg', 'POUJEAUX 10 BEY', NULL, '2019-06-13 13:12:09', '2019-06-13 13:12:09'),
(4271, 64545, 'icheck_0084067', 'sumit_123456_1560431496474', 27, 20, '15604315361560431484137.jpg', 'WILLETT FAMILY 3 YRS RYE WHISKEY 750ML', NULL, '2019-06-13 13:12:16', '2019-06-13 13:12:16'),
(4272, 64545, 'icheck_0084067', 'sumit_123456_1560431496474', 27, 20, '15604315361560431494810.jpg', 'WILLETT FAMILY 3 YRS RYE WHISKEY 750ML', NULL, '2019-06-13 13:12:16', '2019-06-13 13:12:16'),
(4273, 41900, 'icheck_0041899', 'anwar_1234_1560431457951', 26, 23, '15604315371560431448205.jpg', 'CAPA TEMPRANILLO 2014', NULL, '2019-06-13 13:12:17', '2019-06-13 13:12:17'),
(4274, 41900, 'icheck_0041899', 'anwar_1234_1560431457951', 26, 23, '15604315371560431456772.jpg', 'CAPA TEMPRANILLO 2014', NULL, '2019-06-13 13:12:17', '2019-06-13 13:12:17'),
(4275, 64509, 'icheck_0064508', 'sumit_123456_1560431528686', 27, 20, '15604315411560431513904.jpg', 'DELIVERY CHARGE EACH', NULL, '2019-06-13 13:12:21', '2019-06-13 13:12:21'),
(4276, 64509, 'icheck_0064508', 'sumit_123456_1560431528686', 27, 20, '15604315411560431527002.jpg', 'DELIVERY CHARGE EACH', NULL, '2019-06-13 13:12:21', '2019-06-13 13:12:21'),
(4277, 41913, 'icheck_0041912', 'anwar_1234_1560431490038', 26, 23, '15604315421560431475288.jpg', 'MONTEVINA (AMADOR COUNTY) Cabernet Sauvignon', NULL, '2019-06-13 13:12:22', '2019-06-13 13:12:22'),
(4278, 41913, 'icheck_0041912', 'anwar_1234_1560431490038', 26, 23, '15604315421560431486675.jpg', 'MONTEVINA (AMADOR COUNTY) Cabernet Sauvignon', NULL, '2019-06-13 13:12:22', '2019-06-13 13:12:22'),
(4279, 64497, 'icheck_0084067', 'hitesh_123456_1560431479191', 27, 22, '15604315431560431462610.jpg', 'CAMUS VS COGNAC 750ML', NULL, '2019-06-13 13:12:23', '2019-06-13 13:12:23'),
(4280, 64497, 'icheck_0084067', 'hitesh_123456_1560431479191', 27, 22, '15604315431560431470325.jpg', 'CAMUS VS COGNAC 750ML', NULL, '2019-06-13 13:12:23', '2019-06-13 13:12:23'),
(4281, 64497, 'icheck_0084067', 'hitesh_123456_1560431479191', 27, 22, '15604315431560431478119.jpg', 'CAMUS VS COGNAC 750ML', NULL, '2019-06-13 13:12:23', '2019-06-13 13:12:23'),
(4282, 41889, 'icheck_0041888', 'anwar_1234_1560431518607', 26, 23, '15604315471560431506946.jpg', 'SEAGRAM GIN & JUICE RED FURY', NULL, '2019-06-13 13:12:27', '2019-06-13 13:12:27'),
(4283, 41889, 'icheck_0041888', 'anwar_1234_1560431518607', 26, 23, '15604315471560431515676.jpg', 'SEAGRAM GIN & JUICE RED FURY', NULL, '2019-06-13 13:12:27', '2019-06-13 13:12:27'),
(4284, 64531, 'icheck_0084067', 'hitesh_123456_1560431509583', 27, 22, '15604315781560431491665.jpg', 'MILLER LITE NR 6PK 12OZ', NULL, '2019-06-13 13:12:58', '2019-06-13 13:12:58'),
(4285, 64531, 'icheck_0084067', 'hitesh_123456_1560431509583', 27, 22, '15604315781560431500978.jpg', 'MILLER LITE NR 6PK 12OZ', NULL, '2019-06-13 13:12:58', '2019-06-13 13:12:58'),
(4286, 64531, 'icheck_0084067', 'hitesh_123456_1560431509583', 27, 22, '15604315781560431508481.jpg', 'MILLER LITE NR 6PK 12OZ', NULL, '2019-06-13 13:12:58', '2019-06-13 13:12:58'),
(4287, 64549, 'icheck_0084067', 'sumit_123456_1560431557319', 27, 20, '15604315791560431555573.jpg', 'HIGH LIFE CAN 12PK 12OZ', NULL, '2019-06-13 13:12:59', '2019-06-13 13:12:59'),
(4288, 64529, 'icheck_0084067', 'hitesh_123456_1560431558631', 27, 22, '15604315811560431541311.jpg', 'MILLER LITE CAN 12PK 12OZ', NULL, '2019-06-13 13:13:01', '2019-06-13 13:13:01'),
(4289, 64529, 'icheck_0084067', 'hitesh_123456_1560431558631', 27, 22, '15604315811560431549753.jpg', 'MILLER LITE CAN 12PK 12OZ', NULL, '2019-06-13 13:13:01', '2019-06-13 13:13:01'),
(4290, 64529, 'icheck_0084067', 'hitesh_123456_1560431558631', 27, 22, '15604315811560431557309.jpg', 'MILLER LITE CAN 12PK 12OZ', NULL, '2019-06-13 13:13:01', '2019-06-13 13:13:01'),
(4291, 41920, 'icheck_0041919', 'anwar_1234_1560431548664', 26, 23, '15604315861560431537387.jpg', 'TERRA D\'ORO (AMADOR COUNTY) Terra D\'Oro Port', NULL, '2019-06-13 13:13:06', '2019-06-13 13:13:06'),
(4292, 41920, 'icheck_0041919', 'anwar_1234_1560431548664', 26, 23, '15604315861560431547424.jpg', 'TERRA D\'ORO (AMADOR COUNTY) Terra D\'Oro Port', NULL, '2019-06-13 13:13:06', '2019-06-13 13:13:06'),
(4293, 41808, 'icheck_0041807', 'anwar_1234_1560431575436', 26, 23, '15604315931560431561507.jpg', 'PINE RIDGE CABERNET SAUVIGNONSTAGS LEAP 6 CS', NULL, '2019-06-13 13:13:13', '2019-06-13 13:13:13'),
(4294, 41808, 'icheck_0041807', 'anwar_1234_1560431575436', 26, 23, '15604315931560431570527.jpg', 'PINE RIDGE CABERNET SAUVIGNONSTAGS LEAP 6 CS', NULL, '2019-06-13 13:13:13', '2019-06-13 13:13:13'),
(4295, 41807, 'icheck_0041806', 'mukesh_12345_1560431589419', 26, 21, '15604316031560431577058.jpg', 'PINE RIDGE CHENIN BLANCVIOGNIER', NULL, '2019-06-13 13:13:23', '2019-06-13 13:13:23'),
(4296, 41807, 'icheck_0041806', 'mukesh_12345_1560431589419', 26, 21, '15604316031560431587799.jpg', 'PINE RIDGE CHENIN BLANCVIOGNIER', NULL, '2019-06-13 13:13:23', '2019-06-13 13:13:23'),
(4297, 64529, 'icheck_0084067', 'sumit_123456_1560431589559', 27, 20, '15604316171560431586893.jpg', 'MILLER LITE CAN 12PK 12OZ', NULL, '2019-06-13 13:13:37', '2019-06-13 13:13:37'),
(4298, 41926, 'icheck_0041925', 'anwar_1234_1560431606845', 26, 23, '15604316371560431596065.jpg', 'MAROLO GRAPPA DI MOSCATO 12 CS 84 PF', NULL, '2019-06-13 13:13:57', '2019-06-13 13:13:57'),
(4299, 41926, 'icheck_0041925', 'anwar_1234_1560431606845', 26, 23, '15604316371560431605560.jpg', 'MAROLO GRAPPA DI MOSCATO 12 CS 84 PF', NULL, '2019-06-13 13:13:57', '2019-06-13 13:13:57'),
(4300, 41824, 'icheck_0041823', 'mukesh_12345_1560431616037', 26, 21, '15604316401560431603608.jpg', 'POUJEAUX 10 BEY', NULL, '2019-06-13 13:14:00', '2019-06-13 13:14:00'),
(4301, 41824, 'icheck_0041823', 'mukesh_12345_1560431616037', 26, 21, '15604316401560431614559.jpg', 'POUJEAUX 10 BEY', NULL, '2019-06-13 13:14:00', '2019-06-13 13:14:00'),
(4302, 41888, 'icheck_0041887', 'vishnu_123_1560431613772', 26, 25, '15604316441560431611368.jpg', 'Les Jamelles - Chardonnay - Vins De Pays D\'Oc - 2014', NULL, '2019-06-13 13:14:04', '2019-06-13 13:14:04'),
(4303, 41891, 'icheck_0041890', 'anwar_1234_1560431633098', 26, 23, '15604316731560431622393.jpg', 'CAPTAIN MORGAN PARROT BAY MANGO RUM', NULL, '2019-06-13 13:14:33', '2019-06-13 13:14:33'),
(4304, 41891, 'icheck_0041890', 'anwar_1234_1560431633098', 26, 23, '15604316731560431631961.jpg', 'CAPTAIN MORGAN PARROT BAY MANGO RUM', NULL, '2019-06-13 13:14:33', '2019-06-13 13:14:33'),
(4305, 41860, 'icheck_0041859', 'vishnu_123_1560431653896', 26, 25, '15604316791560431645120.jpg', 'CLIFF LEDE CABERNET SAUVIGNON STAGS LEAP', NULL, '2019-06-13 13:14:39', '2019-06-13 13:14:39'),
(4306, 41906, 'icheck_0041905', 'anwar_1234_1560431662538', 26, 23, '15604316791560431650161.jpg', 'PINNACLE VODKA WHIPPED FLAVORED', NULL, '2019-06-13 13:14:39', '2019-06-13 13:14:39'),
(4307, 41906, 'icheck_0041905', 'anwar_1234_1560431662538', 26, 23, '15604316791560431659889.jpg', 'PINNACLE VODKA WHIPPED FLAVORED', NULL, '2019-06-13 13:14:39', '2019-06-13 13:14:39'),
(4308, 64546, 'icheck_0084067', 'sumit_123456_1560431661375', 27, 20, '15604316861560431648955.jpg', 'MICHELOB LIGHT NR 6PK 12OZ', NULL, '2019-06-13 13:14:46', '2019-06-13 13:14:46'),
(4309, 64546, 'icheck_0084067', 'sumit_123456_1560431661375', 27, 20, '15604316861560431659644.jpg', 'MICHELOB LIGHT NR 6PK 12OZ', NULL, '2019-06-13 13:14:46', '2019-06-13 13:14:46'),
(4310, 41874, 'icheck_0041873', 'vishnu_123_1560431686556', 26, 25, '15604317131560431682064.jpg', 'FAIRBANKS   CPD SHERRY', NULL, '2019-06-13 13:15:13', '2019-06-13 13:15:13'),
(4311, 41935, 'icheck_0041934', 'anwar_1234_1560431688693', 26, 23, '15604317411560431677322.jpg', 'WINES MERLOT MONTEPULCIANO DI ABRUZZO MOSCATO DI PAVIA PINOT', NULL, '2019-06-13 13:15:41', '2019-06-13 13:15:41'),
(4312, 41935, 'icheck_0041934', 'anwar_1234_1560431688693', 26, 23, '15604317411560431686236.jpg', 'WINES MERLOT MONTEPULCIANO DI ABRUZZO MOSCATO DI PAVIA PINOT', NULL, '2019-06-13 13:15:41', '2019-06-13 13:15:41'),
(4313, 41898, 'icheck_0041897', 'anwar_1234_1560431710710', 26, 23, '15604317481560431700706.jpg', 'EVERCLEAR GRAIN ALCOHOL 190 PROOF', NULL, '2019-06-13 13:15:48', '2019-06-13 13:15:48'),
(4314, 41898, 'icheck_0041897', 'anwar_1234_1560431710710', 26, 23, '15604317481560431709531.jpg', 'EVERCLEAR GRAIN ALCOHOL 190 PROOF', NULL, '2019-06-13 13:15:48', '2019-06-13 13:15:48'),
(4315, 41857, 'icheck_0041856', 'vishnu_123_1560431723961', 26, 25, '15604317501560431721183.jpg', 'POPOV VODKA 80║ LITER', NULL, '2019-06-13 13:15:50', '2019-06-13 13:15:50'),
(4316, 41888, 'icheck_0041887', 'anwar_1234_1560431735432', 26, 23, '15604318081560431725048.jpg', 'Les Jamelles - Chardonnay - Vins De Pays D\'Oc - 2014', NULL, '2019-06-13 13:16:48', '2019-06-13 13:16:48'),
(4317, 41888, 'icheck_0041887', 'anwar_1234_1560431735432', 26, 23, '15604318081560431734227.jpg', 'Les Jamelles - Chardonnay - Vins De Pays D\'Oc - 2014', NULL, '2019-06-13 13:16:48', '2019-06-13 13:16:48'),
(4318, 41849, 'icheck_0041848', 'sumit_123456_1560431835976', 26, 22, '15604318481560431831948.jpg', 'LEROUX TRIPLE SEC', NULL, '2019-06-13 13:17:28', '2019-06-13 13:17:28'),
(4319, 41926, 'icheck_0041925', 'anwar_1234_1560431776094', 26, 23, '15604318601560431757574.jpg', 'MAROLO GRAPPA DI MOSCATO 12 CS 84 PF', NULL, '2019-06-13 13:17:40', '2019-06-13 13:17:40'),
(4320, 41926, 'icheck_0041925', 'anwar_1234_1560431776094', 26, 23, '15604318601560431772307.jpg', 'MAROLO GRAPPA DI MOSCATO 12 CS 84 PF', NULL, '2019-06-13 13:17:40', '2019-06-13 13:17:40'),
(4321, 41799, 'icheck_0041798', 'vishnu_123_1560431851153', 26, 25, '15604318781560431849184.jpg', 'CASAL THAULERO MONT D ABRUZZO', NULL, '2019-06-13 13:17:58', '2019-06-13 13:17:58'),
(4322, 64705, 'icheck_0084067', 'hitesh_123456_1560431858733', 27, 22, '15604318791560431843341.jpg', 'ST PAULI GIRL NR 6PK 12OZ', NULL, '2019-06-13 13:17:59', '2019-06-13 13:17:59'),
(4323, 64705, 'icheck_0084067', 'hitesh_123456_1560431858733', 27, 22, '15604318791560431857363.jpg', 'ST PAULI GIRL NR 6PK 12OZ', NULL, '2019-06-13 13:17:59', '2019-06-13 13:17:59'),
(4324, 41836, 'icheck_0041835', 'sumit_123456_1560431855381', 26, 22, '15604318871560431853499.jpg', 'ALBA VINEYARD OLD MILL RED', NULL, '2019-06-13 13:18:07', '2019-06-13 13:18:07'),
(4325, 41831, 'icheck_0041830', 'sumit_123456_1560431875997', 26, 22, '15604318911560431873690.jpg', 'ARTAZU (NAVARRA) Garnacha', NULL, '2019-06-13 13:18:11', '2019-06-13 13:18:11'),
(4326, 41874, 'icheck_0041873', 'anwar_1234_1560431805790', 26, 23, '15604318961560431790167.jpg', 'FAIRBANKS   CPD SHERRY', NULL, '2019-06-13 13:18:16', '2019-06-13 13:18:16'),
(4327, 41874, 'icheck_0041873', 'anwar_1234_1560431805790', 26, 23, '15604318961560431803611.jpg', 'FAIRBANKS   CPD SHERRY', NULL, '2019-06-13 13:18:16', '2019-06-13 13:18:16'),
(4328, 41865, 'icheck_0041864', 'anwar_1234_1560431834775', 26, 23, '15604319061560431823901.jpg', 'HENDRICKS 1L/1.75 7P (CONTAINS: 6BTL-1L & 1BTL-1.75L HENDRIC', NULL, '2019-06-13 13:18:26', '2019-06-13 13:18:26'),
(4329, 41865, 'icheck_0041864', 'anwar_1234_1560431834775', 26, 23, '15604319061560431833567.jpg', 'HENDRICKS 1L/1.75 7P (CONTAINS: 6BTL-1L & 1BTL-1.75L HENDRIC', NULL, '2019-06-13 13:18:26', '2019-06-13 13:18:26'),
(4330, 42140, 'icheck_0042139', 'vishnu_123_1560431899733', 26, 25, '15604319121560431891987.jpg', 'LINDEMAN BIN 40 MER', NULL, '2019-06-13 13:18:32', '2019-06-13 13:18:32'),
(4331, 41922, 'icheck_0041921', 'anwar_1234_1560431860177', 26, 23, '15604319131560431850813.jpg', 'Atlantico Platino Rum (IMPORTED-RUM)', NULL, '2019-06-13 13:18:33', '2019-06-13 13:18:33'),
(4332, 41922, 'icheck_0041921', 'anwar_1234_1560431860177', 26, 23, '15604319131560431858889.jpg', 'Atlantico Platino Rum (IMPORTED-RUM)', NULL, '2019-06-13 13:18:33', '2019-06-13 13:18:33'),
(4333, 41893, 'icheck_0041892', 'anwar_1234_1560431885746', 26, 23, '15604319181560431874183.jpg', 'GONZALEZ BYASS CREAM SOLERA 1847', NULL, '2019-06-13 13:18:38', '2019-06-13 13:18:38'),
(4334, 41893, 'icheck_0041892', 'anwar_1234_1560431885746', 26, 23, '15604319181560431884597.jpg', 'GONZALEZ BYASS CREAM SOLERA 1847', NULL, '2019-06-13 13:18:38', '2019-06-13 13:18:38'),
(4335, 41838, 'icheck_0041837', 'sumit_123456_1560431893605', 26, 22, '15604319291560431892056.jpg', 'BISOL JEIO CUVEE ROSE', NULL, '2019-06-13 13:18:49', '2019-06-13 13:18:49'),
(4336, 41839, 'icheck_0041838', 'sumit_123456_1560431913802', 26, 22, '15604319331560431912209.jpg', 'FERRARI-CARANO TRE TERRE CHARD R RV VLY.', NULL, '2019-06-13 13:18:53', '2019-06-13 13:18:53'),
(4337, 64847, 'icheck_0084067', 'hitesh_123456_1560431932602', 27, 22, '15604319441560431920003.jpg', 'JERSEY SHINE MOONSHINE LEMONADE 750ML', NULL, '2019-06-13 13:19:04', '2019-06-13 13:19:04'),
(4338, 64847, 'icheck_0084067', 'hitesh_123456_1560431932602', 27, 22, '15604319441560431927391.jpg', 'JERSEY SHINE MOONSHINE LEMONADE 750ML', NULL, '2019-06-13 13:19:04', '2019-06-13 13:19:04'),
(4339, 41913, 'icheck_0041912', 'anwar_1234_1560431917910', 26, 23, '15604319651560431903036.jpg', 'MONTEVINA (AMADOR COUNTY) Cabernet Sauvignon', NULL, '2019-06-13 13:19:25', '2019-06-13 13:19:25'),
(4340, 41913, 'icheck_0041912', 'anwar_1234_1560431917910', 26, 23, '15604319651560431916001.jpg', 'MONTEVINA (AMADOR COUNTY) Cabernet Sauvignon', NULL, '2019-06-13 13:19:25', '2019-06-13 13:19:25'),
(4341, 41986, 'icheck_0041985', 'anwar_1234_1560431946827', 26, 23, '15604319701560431936588.jpg', 'ESSER (CALIFORNIA) CABERNET SAUVIGNON', NULL, '2019-06-13 13:19:30', '2019-06-13 13:19:30'),
(4342, 41986, 'icheck_0041985', 'anwar_1234_1560431946827', 26, 23, '15604319701560431945747.jpg', 'ESSER (CALIFORNIA) CABERNET SAUVIGNON', NULL, '2019-06-13 13:19:30', '2019-06-13 13:19:30'),
(4343, 64709, 'icheck_0084067', 'hitesh_123456_1560431949068', 27, 22, '15604319781560431944961.jpg', 'TSING TAO NR 6PK 12OZ', NULL, '2019-06-13 13:19:38', '2019-06-13 13:19:38'),
(4344, 64681, 'icheck_0084067', 'hitesh_123456_1560431973369', 27, 22, '15604319801560431960371.jpg', 'HOFBRAU HEFE WEIZEN NR 6PK 12OZ', NULL, '2019-06-13 13:19:40', '2019-06-13 13:19:40'),
(4345, 64681, 'icheck_0084067', 'hitesh_123456_1560431973369', 27, 22, '15604319801560431972232.jpg', 'HOFBRAU HEFE WEIZEN NR 6PK 12OZ', NULL, '2019-06-13 13:19:40', '2019-06-13 13:19:40'),
(4346, 41839, 'icheck_0041838', 'vishnu_123_1560431949610', 26, 25, '15604319811560431947345.jpg', 'FERRARI-CARANO TRE TERRE CHARD R RV VLY.', NULL, '2019-06-13 13:19:41', '2019-06-13 13:19:41'),
(4347, 41843, 'icheck_0041842', 'anwar_1234_1560431978500', 26, 23, '15604320091560431967759.jpg', 'CORZO SILVER TEQUILA', NULL, '2019-06-13 13:20:09', '2019-06-13 13:20:09'),
(4348, 41843, 'icheck_0041842', 'anwar_1234_1560431978500', 26, 23, '15604320091560431976227.jpg', 'CORZO SILVER TEQUILA', NULL, '2019-06-13 13:20:09', '2019-06-13 13:20:09'),
(4349, 41882, 'icheck_0041881', 'anwar_1234_1560432005638', 26, 23, '15604320131560431992349.jpg', 'CHARDONNAY', NULL, '2019-06-13 13:20:13', '2019-06-13 13:20:13'),
(4350, 41882, 'icheck_0041881', 'anwar_1234_1560432005638', 26, 23, '15604320131560432004412.jpg', 'CHARDONNAY', NULL, '2019-06-13 13:20:13', '2019-06-13 13:20:13'),
(4351, 41877, 'icheck_0041876', 'vishnu_123_1560431994279', 26, 25, '15604320151560431991455.jpg', 'RHINE 1.5', NULL, '2019-06-13 13:20:15', '2019-06-13 13:20:15'),
(4352, 64844, 'icheck_0084067', 'hitesh_123456_1560432001005', 27, 22, '15604320151560431990036.jpg', 'EVAN WILLIAMS 7YR 86PF 1.75L', NULL, '2019-06-13 13:20:15', '2019-06-13 13:20:15'),
(4353, 64844, 'icheck_0084067', 'hitesh_123456_1560432001005', 27, 22, '15604320151560431998455.jpg', 'EVAN WILLIAMS 7YR 86PF 1.75L', NULL, '2019-06-13 13:20:15', '2019-06-13 13:20:15'),
(4354, 41889, 'icheck_0041888', 'anwar_1234_1560432034088', 26, 23, '15604320501560432020169.jpg', 'SEAGRAM GIN & JUICE RED FURY', NULL, '2019-06-13 13:20:50', '2019-06-13 13:20:50'),
(4355, 41889, 'icheck_0041888', 'anwar_1234_1560432034088', 26, 23, '15604320501560432030287.jpg', 'SEAGRAM GIN & JUICE RED FURY', NULL, '2019-06-13 13:20:50', '2019-06-13 13:20:50'),
(4356, 64702, 'icheck_0084067', 'hitesh_123456_1560432036126', 27, 22, '15604320521560432018833.jpg', 'MIGRATION PINOT NOIR 2016 750ML', NULL, '2019-06-13 13:20:52', '2019-06-13 13:20:52'),
(4357, 64702, 'icheck_0084067', 'hitesh_123456_1560432036126', 27, 22, '15604320521560432026163.jpg', 'MIGRATION PINOT NOIR 2016 750ML', NULL, '2019-06-13 13:20:52', '2019-06-13 13:20:52'),
(4358, 41865, 'icheck_0041864', 'vishnu_123_1560432069846', 26, 25, '15604320851560432059096.jpg', 'HENDRICKS 1L/1.75 7P (CONTAINS: 6BTL-1L & 1BTL-1.75L HENDRIC', NULL, '2019-06-13 13:21:25', '2019-06-13 13:21:25'),
(4359, 64807, 'icheck_0084067', 'hitesh_123456_1560432061381', 27, 22, '15604320871560432057285.jpg', 'DOM SERENE EVENSTAD RESERVE CHARDONNAY 2016 750ML', NULL, '2019-06-13 13:21:27', '2019-06-13 13:21:27'),
(4360, 64723, 'icheck_0084067', 'hitesh_123456_1560432085149', 27, 22, '15604321251560432075764.jpg', 'FRANCO AMOROSO BARBERA D ALBA 2016 750ML', NULL, '2019-06-13 13:22:05', '2019-06-13 13:22:05'),
(4361, 64723, 'icheck_0084067', 'hitesh_123456_1560432085149', 27, 22, '15604321251560432083952.jpg', 'FRANCO AMOROSO BARBERA D ALBA 2016 750ML', NULL, '2019-06-13 13:22:05', '2019-06-13 13:22:05'),
(4362, 65192, 'icheck_0084067', 'hitesh_123456_1560432118139', 27, 22, '15604321301560432107280.jpg', 'INVERHOUSE GREEN 80PF 200ML', NULL, '2019-06-13 13:22:10', '2019-06-13 13:22:10'),
(4363, 65192, 'icheck_0084067', 'hitesh_123456_1560432118139', 27, 22, '15604321301560432114543.jpg', 'INVERHOUSE GREEN 80PF 200ML', NULL, '2019-06-13 13:22:10', '2019-06-13 13:22:10'),
(4364, 41855, 'icheck_0041854', 'hitesh_123456_1560431850585', 26, 25, '15604321711560431830503.jpg', 'GIRARD SAUVIG BLC 15', NULL, '2019-06-13 13:22:51', '2019-06-13 13:22:51'),
(4365, 41855, 'icheck_0041854', 'hitesh_123456_1560431850585', 26, 25, '15604321711560431839199.jpg', 'GIRARD SAUVIG BLC 15', NULL, '2019-06-13 13:22:51', '2019-06-13 13:22:51'),
(4366, 41855, 'icheck_0041854', 'hitesh_123456_1560431850585', 26, 25, '15604321711560431848477.jpg', 'GIRARD SAUVIG BLC 15', NULL, '2019-06-13 13:22:51', '2019-06-13 13:22:51'),
(4367, 41811, 'icheck_0041810', 'hitesh_123456_1560431871254', 26, 25, '15604321751560431862262.jpg', 'FOREFRONT PINOT NOIR', NULL, '2019-06-13 13:22:55', '2019-06-13 13:22:55'),
(4368, 41811, 'icheck_0041810', 'hitesh_123456_1560431871254', 26, 25, '15604321751560431869491.jpg', 'FOREFRONT PINOT NOIR', NULL, '2019-06-13 13:22:55', '2019-06-13 13:22:55'),
(4369, 41819, 'icheck_0041818', 'hitesh_123456_1560431919705', 26, 25, '15604321791560431909040.jpg', 'J LOHR EST.(MONTEREY) Bay Mist Riesling * 2015/16', NULL, '2019-06-13 13:22:59', '2019-06-13 13:22:59'),
(4370, 41819, 'icheck_0041818', 'hitesh_123456_1560431919705', 26, 25, '15604321791560431918247.jpg', 'J LOHR EST.(MONTEREY) Bay Mist Riesling * 2015/16', NULL, '2019-06-13 13:22:59', '2019-06-13 13:22:59'),
(4371, 41846, 'icheck_0041845', 'hitesh_123456_1560431943670', 26, 25, '15604321821560431933708.jpg', 'ARBOLEDA CABERNET SAUVIGNON', NULL, '2019-06-13 13:23:02', '2019-06-13 13:23:02'),
(4372, 41846, 'icheck_0041845', 'hitesh_123456_1560431943670', 26, 25, '15604321821560431942385.jpg', 'ARBOLEDA CABERNET SAUVIGNON', NULL, '2019-06-13 13:23:02', '2019-06-13 13:23:02'),
(4373, 41813, 'icheck_0041812', 'hitesh_123456_1560432119356', 26, 25, '15604321871560432109943.jpg', 'SMIRNOFF PEACH TWIST VODKA 120/10 PACK', NULL, '2019-06-13 13:23:07', '2019-06-13 13:23:07'),
(4374, 41813, 'icheck_0041812', 'hitesh_123456_1560432119356', 26, 25, '15604321871560432117732.jpg', 'SMIRNOFF PEACH TWIST VODKA 120/10 PACK', NULL, '2019-06-13 13:23:07', '2019-06-13 13:23:07'),
(4375, 64542, 'icheck_0084067', 'anwar_1234_1560432118715', 27, 23, '15604321881560432108267.jpg', 'HENNESSY PRIVILEGE VSOP COGNAC 375ML', NULL, '2019-06-13 13:23:08', '2019-06-13 13:23:08'),
(4376, 64542, 'icheck_0084067', 'anwar_1234_1560432118715', 27, 23, '15604321881560432117501.jpg', 'HENNESSY PRIVILEGE VSOP COGNAC 375ML', NULL, '2019-06-13 13:23:08', '2019-06-13 13:23:08'),
(4377, 64745, 'icheck_0084067', 'hitesh_123456_1560432165341', 27, 22, '15604321971560432153247.jpg', 'EVO MULTI PACK NR 12PK 12OZ', NULL, '2019-06-13 13:23:17', '2019-06-13 13:23:17'),
(4378, 64745, 'icheck_0084067', 'hitesh_123456_1560432165341', 27, 22, '15604321971560432163744.jpg', 'EVO MULTI PACK NR 12PK 12OZ', NULL, '2019-06-13 13:23:17', '2019-06-13 13:23:17'),
(4379, 64737, 'icheck_0084067', 'hitesh_123456_1560432190170', 27, 22, '15604322021560432179070.jpg', 'ULYSSES NAPA VALLEY CABERNET SAUVIGNON 2012 750ML', NULL, '2019-06-13 13:23:22', '2019-06-13 13:23:22'),
(4380, 64737, 'icheck_0084067', 'hitesh_123456_1560432190170', 27, 22, '15604322021560432187005.jpg', 'ULYSSES NAPA VALLEY CABERNET SAUVIGNON 2012 750ML', NULL, '2019-06-13 13:23:22', '2019-06-13 13:23:22'),
(4381, 64484, 'icheck_0084067', 'hitesh_123456_1560432169377', 27, 24, '15604322261560432159224.jpg', 'BASS ALE NR 6PK 12OZ', NULL, '2019-06-13 13:23:46', '2019-06-13 13:23:46'),
(4382, 64484, 'icheck_0084067', 'hitesh_123456_1560432169377', 27, 24, '15604322261560432167697.jpg', 'BASS ALE NR 6PK 12OZ', NULL, '2019-06-13 13:23:46', '2019-06-13 13:23:46'),
(4383, 64508, 'icheck_0084067', 'hitesh_123456_1560432216643', 27, 24, '15604322321560432184984.jpg', 'GIORNATA ROSSO 2014 750ML', NULL, '2019-06-13 13:23:52', '2019-06-13 13:23:52'),
(4384, 64508, 'icheck_0084067', 'hitesh_123456_1560432216643', 27, 24, '15604322321560432193575.jpg', 'GIORNATA ROSSO 2014 750ML', NULL, '2019-06-13 13:23:52', '2019-06-13 13:23:52'),
(4385, 64508, 'icheck_0084067', 'hitesh_123456_1560432216643', 27, 24, '15604322321560432204068.jpg', 'GIORNATA ROSSO 2014 750ML', NULL, '2019-06-13 13:23:52', '2019-06-13 13:23:52'),
(4386, 64508, 'icheck_0084067', 'hitesh_123456_1560432216643', 27, 24, '15604322321560432214775.jpg', 'GIORNATA ROSSO 2014 750ML', NULL, '2019-06-13 13:23:52', '2019-06-13 13:23:52'),
(4387, 64987, 'icheck_0084067', 'hitesh_123456_1560432219543', 27, 22, '15604322411560432210673.jpg', 'NEW BELGIUM BRUT/ACCU/PUM&WIZ/WATER/STRAWBERRY NR 6PK 12OZ', NULL, '2019-06-13 13:24:01', '2019-06-13 13:24:01'),
(4388, 64987, 'icheck_0084067', 'hitesh_123456_1560432219543', 27, 22, '15604322411560432218466.jpg', 'NEW BELGIUM BRUT/ACCU/PUM&WIZ/WATER/STRAWBERRY NR 6PK 12OZ', NULL, '2019-06-13 13:24:01', '2019-06-13 13:24:01'),
(4389, 64523, 'icheck_0084067', 'anwar_1234_1560432168049', 27, 23, '15604322501560432156365.jpg', 'SAPPORO RESERVE CAN 22OZ', NULL, '2019-06-13 13:24:10', '2019-06-13 13:24:10'),
(4390, 64523, 'icheck_0084067', 'anwar_1234_1560432168049', 27, 23, '15604322501560432164989.jpg', 'SAPPORO RESERVE CAN 22OZ', NULL, '2019-06-13 13:24:10', '2019-06-13 13:24:10'),
(4391, 64893, 'icheck_0083398', 'hitesh_123456_1560432262175', 27, 22, '15604322821560432258909.jpg', 'CHAT LAFONT FOURCAT 2014 750ML', NULL, '2019-06-13 13:24:42', '2019-06-13 13:24:42'),
(4392, 64557, 'icheck_0084067', 'anwar_1234_1560432188846', 27, 23, '15604322831560432187588.jpg', 'HESS COLLECTION NAPA CHARDONNAY 2014 750ML', NULL, '2019-06-13 13:24:43', '2019-06-13 13:24:43'),
(4393, 64557, 'icheck_0084067', 'anwar_1234_1560432188846', 27, 23, '15604322831560432180963.jpg', 'HESS COLLECTION NAPA CHARDONNAY 2014 750ML', NULL, '2019-06-13 13:24:43', '2019-06-13 13:24:43'),
(4394, 64526, 'icheck_0084067', 'hitesh_123456_1560432265177', 27, 24, '15604323021560432242877.jpg', 'CARLO ROSSI PINK MOSCATO 750ML', NULL, '2019-06-13 13:25:02', '2019-06-13 13:25:02'),
(4395, 64526, 'icheck_0084067', 'hitesh_123456_1560432265177', 27, 24, '15604323021560432261902.jpg', 'CARLO ROSSI PINK MOSCATO 750ML', NULL, '2019-06-13 13:25:02', '2019-06-13 13:25:02'),
(4396, 64539, 'icheck_0084067', 'anwar_1234_1560432242400', 27, 24, '15604323321560432226781.jpg', 'ABSOLUT CITRON 50ML', NULL, '2019-06-13 13:25:32', '2019-06-13 13:25:32'),
(4397, 64539, 'icheck_0084067', 'anwar_1234_1560432242400', 27, 24, '15604323321560432236490.jpg', 'ABSOLUT CITRON 50ML', NULL, '2019-06-13 13:25:32', '2019-06-13 13:25:32');
INSERT INTO `item_images` (`id`, `item_id`, `icheck_item_id`, `useridentification`, `inventory_id`, `location_id`, `image`, `name`, `casebarcode`, `created_at`, `updated_at`) VALUES
(4398, 64575, 'icheck_0084067', 'anwar_1234_1560432281567', 27, 24, '15604323431560432265516.jpg', 'HERMANN J WIEMER DRY RIESLING 2015 750ML', NULL, '2019-06-13 13:25:43', '2019-06-13 13:25:43'),
(4399, 64575, 'icheck_0084067', 'anwar_1234_1560432281567', 27, 24, '15604323431560432277014.jpg', 'HERMANN J WIEMER DRY RIESLING 2015 750ML', NULL, '2019-06-13 13:25:43', '2019-06-13 13:25:43'),
(4400, 64567, 'icheck_0084067', 'anwar_1234_1560432307889', 27, 24, '15604323511560432296732.jpg', 'GUINNESS ANNV STOUT & IRISH WHEAT & RYE PALE ALE NR 6PK 12OZ', NULL, '2019-06-13 13:25:51', '2019-06-13 13:25:51'),
(4401, 64567, 'icheck_0084067', 'anwar_1234_1560432307889', 27, 24, '15604323511560432306596.jpg', 'GUINNESS ANNV STOUT & IRISH WHEAT & RYE PALE ALE NR 6PK 12OZ', NULL, '2019-06-13 13:25:51', '2019-06-13 13:25:51'),
(4402, 64504, 'icheck_0084067', 'anwar_1234_1560432342337', 27, 24, '15604323931560432323703.jpg', 'AYALA BRUT 375ML', NULL, '2019-06-13 13:26:33', '2019-06-13 13:26:33'),
(4403, 64504, 'icheck_0084067', 'anwar_1234_1560432342337', 27, 24, '15604323931560432333934.jpg', 'AYALA BRUT 375ML', NULL, '2019-06-13 13:26:33', '2019-06-13 13:26:33'),
(4404, 64539, 'icheck_0084067', 'anwar_1234_1560432374206', 27, 24, '15604323991560432360273.jpg', 'ABSOLUT CITRON 50ML', NULL, '2019-06-13 13:26:39', '2019-06-13 13:26:39'),
(4405, 64539, 'icheck_0084067', 'anwar_1234_1560432374206', 27, 24, '15604323991560432369708.jpg', 'ABSOLUT CITRON 50ML', NULL, '2019-06-13 13:26:39', '2019-06-13 13:26:39'),
(4406, 41841, 'icheck_0041840', 'sumit_123456_1560432369822', 26, 22, '15604323991560432366205.jpg', 'SEAGRAM GIN DISTILLER\'S RESERVE', NULL, '2019-06-13 13:26:39', '2019-06-13 13:26:39'),
(4407, 64633, 'icheck_0084067', 'hitesh_123456_1560432399557', 27, 21, '15604324281560432386487.jpg', 'BRUGAL 1888 RUM 750ML', NULL, '2019-06-13 13:27:08', '2019-06-13 13:27:08'),
(4408, 64633, 'icheck_0084067', 'hitesh_123456_1560432399557', 27, 21, '15604324281560432398368.jpg', 'BRUGAL 1888 RUM 750ML', NULL, '2019-06-13 13:27:08', '2019-06-13 13:27:08'),
(4409, 41847, 'icheck_0041846', 'sumit_123456_1560432399599', 26, 22, '15604324381560432386878.jpg', 'BARTON VODKA', NULL, '2019-06-13 13:27:18', '2019-06-13 13:27:18'),
(4410, 41847, 'icheck_0041846', 'sumit_123456_1560432399599', 26, 22, '15604324381560432398042.jpg', 'BARTON VODKA', NULL, '2019-06-13 13:27:18', '2019-06-13 13:27:18'),
(4411, 41840, 'icheck_0041839', 'sumit_123456_1560432428630', 26, 22, '15604324471560432414814.jpg', 'CHIVAS REGAL 18YR', NULL, '2019-06-13 13:27:27', '2019-06-13 13:27:27'),
(4412, 41840, 'icheck_0041839', 'sumit_123456_1560432428630', 26, 22, '15604324471560432427030.jpg', 'CHIVAS REGAL 18YR', NULL, '2019-06-13 13:27:27', '2019-06-13 13:27:27'),
(4413, 64746, 'icheck_0082100', 'hitesh_123456_1560432448887', 27, 21, '15604324621560432438212.jpg', 'SEBASTIANI CAB SAUV ALEXANDER VALLEY 2012 750ML', NULL, '2019-06-13 13:27:42', '2019-06-13 13:27:42'),
(4414, 64746, 'icheck_0082100', 'hitesh_123456_1560432448887', 27, 21, '15604324621560432447304.jpg', 'SEBASTIANI CAB SAUV ALEXANDER VALLEY 2012 750ML', NULL, '2019-06-13 13:27:42', '2019-06-13 13:27:42'),
(4415, 64483, 'icheck_0084067', 'hitesh_123456_1560432436313', 27, 22, '15604324661560432390884.jpg', 'BASS ALE NR 6PK 12OZ', NULL, '2019-06-13 13:27:46', '2019-06-13 13:27:46'),
(4416, 64483, 'icheck_0084067', 'hitesh_123456_1560432436313', 27, 22, '15604324661560432432181.jpg', 'BASS ALE NR 6PK 12OZ', NULL, '2019-06-13 13:27:46', '2019-06-13 13:27:46'),
(4417, 64484, 'icheck_0084067', 'anwar_1234_1560432406041', 27, 24, '15604324781560432389741.jpg', 'BASS ALE NR 6PK 12OZ', NULL, '2019-06-13 13:27:58', '2019-06-13 13:27:58'),
(4418, 64484, 'icheck_0084067', 'anwar_1234_1560432406041', 27, 24, '15604324781560432404846.jpg', 'BASS ALE NR 6PK 12OZ', NULL, '2019-06-13 13:27:58', '2019-06-13 13:27:58'),
(4419, 41827, 'icheck_0041826', 'sumit_123456_1560432470241', 26, 22, '15604324831560432445510.jpg', 'YELLOW TAIL (YELLOW TAIL) SHIRAZ', NULL, '2019-06-13 13:28:03', '2019-06-13 13:28:03'),
(4420, 41827, 'icheck_0041826', 'sumit_123456_1560432470241', 26, 22, '15604324831560432464924.jpg', 'YELLOW TAIL (YELLOW TAIL) SHIRAZ', NULL, '2019-06-13 13:28:03', '2019-06-13 13:28:03'),
(4421, 64566, 'icheck_0084067', 'anwar_1234_1560432430556', 27, 24, '15604324941560432421146.jpg', 'BALLAST POINT SPRUCE/PORTERCOFFEE/VANILLA NR 6PK 12OZ', NULL, '2019-06-13 13:28:14', '2019-06-13 13:28:14'),
(4422, 64566, 'icheck_0084067', 'anwar_1234_1560432430556', 27, 24, '15604324941560432429223.jpg', 'BALLAST POINT SPRUCE/PORTERCOFFEE/VANILLA NR 6PK 12OZ', NULL, '2019-06-13 13:28:14', '2019-06-13 13:28:14'),
(4423, 41882, 'icheck_0041881', 'sumit_123456_1560432511922', 26, 22, '15604325201560432510362.jpg', 'CHARDONNAY', NULL, '2019-06-13 13:28:40', '2019-06-13 13:28:40'),
(4424, 64595, 'icheck_0084067', 'anwar_1234_1560432454909', 27, 24, '15604325371560432444279.jpg', 'COPAIN TOUS ENSEMBLE PINOT NOIR 2016 750ML', NULL, '2019-06-13 13:28:57', '2019-06-13 13:28:57'),
(4425, 64595, 'icheck_0084067', 'anwar_1234_1560432454909', 27, 24, '15604325371560432453396.jpg', 'COPAIN TOUS ENSEMBLE PINOT NOIR 2016 750ML', NULL, '2019-06-13 13:28:57', '2019-06-13 13:28:57'),
(4426, 64548, 'icheck_0084067', 'anwar_1234_1560432495709', 27, 2, '15604325421560432483082.jpg', 'AMRUT SHERRY OAK 750ML', NULL, '2019-06-13 13:29:02', '2019-06-13 13:29:02'),
(4427, 64548, 'icheck_0084067', 'anwar_1234_1560432495709', 27, 2, '15604325421560432493859.jpg', 'AMRUT SHERRY OAK 750ML', NULL, '2019-06-13 13:29:02', '2019-06-13 13:29:02'),
(4428, 41878, 'icheck_0041877', 'sumit_123456_1560432533923', 26, 22, '15604325561560432532114.jpg', 'RHINE', NULL, '2019-06-13 13:29:16', '2019-06-13 13:29:16'),
(4429, 41874, 'icheck_0041873', 'anwar_1234_1560432573066', 26, 22, '15604325861560432556860.jpg', 'FAIRBANKS   CPD SHERRY', NULL, '2019-06-13 13:29:46', '2019-06-13 13:29:46'),
(4430, 41874, 'icheck_0041873', 'anwar_1234_1560432573066', 26, 22, '15604325861560432570169.jpg', 'FAIRBANKS   CPD SHERRY', NULL, '2019-06-13 13:29:46', '2019-06-13 13:29:46'),
(4431, 41883, 'icheck_0041882', 'sumit_123456_1560432552847', 26, 22, '15604325921560432551195.jpg', 'MERLOT', NULL, '2019-06-13 13:29:52', '2019-06-13 13:29:52'),
(4432, 41907, 'icheck_0041906', 'sumit_123456_1560432578564', 26, 22, '15604325941560432575739.jpg', 'STAGS LEAP MERLOT', NULL, '2019-06-13 13:29:54', '2019-06-13 13:29:54'),
(4433, 41900, 'icheck_0041899', 'anwar_1234_1560432603006', 26, 22, '15604326271560432589130.jpg', 'CAPA TEMPRANILLO 2014', NULL, '2019-06-13 13:30:27', '2019-06-13 13:30:27'),
(4434, 41900, 'icheck_0041899', 'anwar_1234_1560432603006', 26, 22, '15604326271560432597741.jpg', 'CAPA TEMPRANILLO 2014', NULL, '2019-06-13 13:30:27', '2019-06-13 13:30:27'),
(4435, 41877, 'icheck_0041876', 'sumit_123456_1560432611648', 26, 22, '15604326311560432602689.jpg', 'RHINE 1.5', NULL, '2019-06-13 13:30:31', '2019-06-13 13:30:31'),
(4436, 41852, 'icheck_0041851', 'sumit_123456_1560432631390', 26, 22, '15604326681560432629594.jpg', 'GIRARD ZINFANDEL 14', NULL, '2019-06-13 13:31:08', '2019-06-13 13:31:08'),
(4437, 41886, 'icheck_0041885', 'anwar_1234_1560432634558', 26, 22, '15604326681560432621238.jpg', 'SUTTER HOME Pinot Grigio', NULL, '2019-06-13 13:31:08', '2019-06-13 13:31:08'),
(4438, 41886, 'icheck_0041885', 'anwar_1234_1560432634558', 26, 22, '15604326681560432633315.jpg', 'SUTTER HOME Pinot Grigio', NULL, '2019-06-13 13:31:08', '2019-06-13 13:31:08'),
(4439, 41806, 'icheck_0041805', 'sumit_123456_1560432657816', 26, 22, '15604326701560432656061.jpg', 'ARCHERY SUMMIT PINOT NOIRARCUS ESTATE 6 CS', NULL, '2019-06-13 13:31:10', '2019-06-13 13:31:10'),
(4440, 41800, 'icheck_0041799', 'vishnu_123_1560432672777', 26, 25, '15604326821560432670169.jpg', 'CASAL THAULERO MONT D ABRUZZO', NULL, '2019-06-13 13:31:22', '2019-06-13 13:31:22'),
(4441, 41894, 'icheck_0041893', 'anwar_1234_1560432676830', 26, 22, '15604327081560432666245.jpg', 'LANDER-JENKINS Chardonnay', NULL, '2019-06-13 13:31:48', '2019-06-13 13:31:48'),
(4442, 41894, 'icheck_0041893', 'anwar_1234_1560432676830', 26, 22, '15604327081560432675571.jpg', 'LANDER-JENKINS Chardonnay', NULL, '2019-06-13 13:31:48', '2019-06-13 13:31:48'),
(4443, 41872, 'icheck_0041871', 'sumit_123456_1560432675385', 26, 22, '15604327111560432673579.jpg', 'FAIRBANKS   PORT', NULL, '2019-06-13 13:31:51', '2019-06-13 13:31:51'),
(4444, 41841, 'icheck_0041840', 'anwar_1234_1560432699864', 26, 22, '15604327131560432689475.jpg', 'SEAGRAM GIN DISTILLER\'S RESERVE', NULL, '2019-06-13 13:31:53', '2019-06-13 13:31:53'),
(4445, 41841, 'icheck_0041840', 'anwar_1234_1560432699864', 26, 22, '15604327131560432698155.jpg', 'SEAGRAM GIN DISTILLER\'S RESERVE', NULL, '2019-06-13 13:31:53', '2019-06-13 13:31:53'),
(4446, 41846, 'icheck_0041845', 'sumit_123456_1560432696549', 26, 22, '15604327141560432694643.jpg', 'ARBOLEDA CABERNET SAUVIGNON', NULL, '2019-06-13 13:31:54', '2019-06-13 13:31:54'),
(4447, 41856, 'icheck_0041855', 'sumit_123456_1560432719710', 26, 22, '15604327501560432718171.jpg', 'GIRARD PET SIRAH 13', NULL, '2019-06-13 13:32:30', '2019-06-13 13:32:30'),
(4448, 41851, 'icheck_0041850', 'sumit_123456_1560432744821', 26, 22, '15604327571560432742515.jpg', 'Napa Ridge Cabernet Sauvignon 2013', NULL, '2019-06-13 13:32:37', '2019-06-13 13:32:37'),
(4449, 41860, 'icheck_0041859', 'sumit_123456_1560432769147', 26, 22, '15604327961560432766672.jpg', 'CLIFF LEDE CABERNET SAUVIGNON STAGS LEAP', NULL, '2019-06-13 13:33:16', '2019-06-13 13:33:16'),
(4450, 41861, 'icheck_0041860', 'anwar_1234_1560432806940', 26, 24, '15604328121560432755124.jpg', 'CLIFF LEDE SAUVIGNON BLANC', NULL, '2019-06-13 13:33:32', '2019-06-13 13:33:32'),
(4451, 41861, 'icheck_0041860', 'anwar_1234_1560432806940', 26, 24, '15604328121560432788165.jpg', 'CLIFF LEDE SAUVIGNON BLANC', NULL, '2019-06-13 13:33:32', '2019-06-13 13:33:32'),
(4452, 41854, 'icheck_0041853', 'sumit_123456_1560432807146', 26, 22, '15604328321560432804258.jpg', 'GIRARD CHARD RR 15', NULL, '2019-06-13 13:33:52', '2019-06-13 13:33:52'),
(4453, 41862, 'icheck_0041861', 'sumit_123456_1560432825396', 26, 22, '15604328361560432823519.jpg', 'CONCHA CASILLERO MALBEC', NULL, '2019-06-13 13:33:56', '2019-06-13 13:33:56'),
(4454, 41843, 'icheck_0041842', 'anwar_1234_1560432841689', 26, 24, '15604328481560432831019.jpg', 'CORZO SILVER TEQUILA', NULL, '2019-06-13 13:34:08', '2019-06-13 13:34:08'),
(4455, 41843, 'icheck_0041842', 'anwar_1234_1560432841689', 26, 24, '15604328481560432840551.jpg', 'CORZO SILVER TEQUILA', NULL, '2019-06-13 13:34:08', '2019-06-13 13:34:08'),
(4456, 41835, 'icheck_0041834', 'sumit_123456_1560432847003', 26, 22, '15604328781560432845107.jpg', 'ALBA VINEYARD RED RASPBERRY', NULL, '2019-06-13 13:34:38', '2019-06-13 13:34:38'),
(4457, 41911, 'icheck_0041910', 'anwar_1234_1560432867700', 26, 24, '15604329041560432856395.jpg', 'ARROWOOD CAB SAUV KNIGHTS VALLEY', NULL, '2019-06-13 13:35:04', '2019-06-13 13:35:04'),
(4458, 41911, 'icheck_0041910', 'anwar_1234_1560432867700', 26, 24, '15604329041560432866403.jpg', 'ARROWOOD CAB SAUV KNIGHTS VALLEY', NULL, '2019-06-13 13:35:04', '2019-06-13 13:35:04'),
(4459, 41864, 'icheck_0041863', 'sumit_123456_1560432873324', 26, 22, '15604329131560432871283.jpg', 'CASTELLO DI NEIVE GRIGNOLINOPIEMONTE DOC', NULL, '2019-06-13 13:35:13', '2019-06-13 13:35:13'),
(4460, 41879, 'icheck_0041878', 'sumit_123456_1560432909356', 26, 22, '15604329171560432907813.jpg', 'RED ROSE', NULL, '2019-06-13 13:35:17', '2019-06-13 13:35:17'),
(4461, 41897, 'icheck_0041896', 'anwar_1234_1560432898344', 26, 24, '15604329421560432883688.jpg', 'Ciroc Luxury Vodka 80 (VODKA-ALL)', NULL, '2019-06-13 13:35:42', '2019-06-13 13:35:42'),
(4462, 41897, 'icheck_0041896', 'anwar_1234_1560432898344', 26, 24, '15604329421560432895985.jpg', 'Ciroc Luxury Vodka 80 (VODKA-ALL)', NULL, '2019-06-13 13:35:42', '2019-06-13 13:35:42'),
(4463, 41873, 'icheck_0041872', 'anwar_1234_1560432929027', 26, 24, '15604329471560432914355.jpg', 'FAIRBANKS   SHERRY', NULL, '2019-06-13 13:35:47', '2019-06-13 13:35:47'),
(4464, 41873, 'icheck_0041872', 'anwar_1234_1560432929027', 26, 24, '15604329471560432927687.jpg', 'FAIRBANKS   SHERRY', NULL, '2019-06-13 13:35:47', '2019-06-13 13:35:47'),
(4465, 41889, 'icheck_0041888', 'sumit_123456_1560432937007', 26, 22, '15604329541560432935568.jpg', 'SEAGRAM GIN & JUICE RED FURY', NULL, '2019-06-13 13:35:54', '2019-06-13 13:35:54'),
(4466, 64672, 'icheck_0084067', 'hitesh_123456_1560432760016', 27, 21, '15604329561560432750210.jpg', 'VICTORY HOPDEVIL ALE NR 6PK 12OZ', NULL, '2019-06-13 13:35:56', '2019-06-13 13:35:56'),
(4467, 64672, 'icheck_0084067', 'hitesh_123456_1560432760016', 27, 21, '15604329561560432758418.jpg', 'VICTORY HOPDEVIL ALE NR 6PK 12OZ', NULL, '2019-06-13 13:35:56', '2019-06-13 13:35:56'),
(4468, 41939, 'icheck_0041938', 'anwar_1234_1560432956999', 26, 24, '15604329841560432944330.jpg', 'WINES BLU PROSECCO', NULL, '2019-06-13 13:36:24', '2019-06-13 13:36:24'),
(4469, 41939, 'icheck_0041938', 'anwar_1234_1560432956999', 26, 24, '15604329841560432955497.jpg', 'WINES BLU PROSECCO', NULL, '2019-06-13 13:36:24', '2019-06-13 13:36:24'),
(4470, 41870, 'icheck_0041869', 'sumit_123456_1560432953088', 26, 22, '15604329911560432951668.jpg', 'PARADIGM CABERNET 13', NULL, '2019-06-13 13:36:31', '2019-06-13 13:36:31'),
(4471, 41901, 'icheck_0041900', 'sumit_123456_1560432969789', 26, 22, '15604329961560432968081.jpg', 'TOMASELLO CRANBERRY ATLANTC-12', NULL, '2019-06-13 13:36:36', '2019-06-13 13:36:36'),
(4472, 64801, 'icheck_0083035', 'hitesh_123456_1560432794545', 27, 21, '15604330231560432791255.jpg', 'MOMMESSIN BEAUJOLAIS NOUVEAU 2018 750ML', NULL, '2019-06-13 13:37:03', '2019-06-13 13:37:03'),
(4473, 64720, 'icheck_0084067', 'hitesh_123456_1560432831609', 27, 21, '15604330271560432816811.jpg', 'PARKER\'S HERITAGE COLLECTION 24YRS BOURBON WHISKEY 750ML', NULL, '2019-06-13 13:37:07', '2019-06-13 13:37:07'),
(4474, 64720, 'icheck_0084067', 'hitesh_123456_1560432831609', 27, 21, '15604330271560432825431.jpg', 'PARKER\'S HERITAGE COLLECTION 24YRS BOURBON WHISKEY 750ML', NULL, '2019-06-13 13:37:07', '2019-06-13 13:37:07'),
(4475, 41888, 'icheck_0041887', 'sumit_123456_1560432987395', 26, 22, '15604330471560432985694.jpg', 'Les Jamelles - Chardonnay - Vins De Pays D\'Oc - 2014', NULL, '2019-06-13 13:37:27', '2019-06-13 13:37:27'),
(4476, 41894, 'icheck_0041893', 'sumit_123456_1560433015251', 26, 22, '15604330511560433013463.jpg', 'LANDER-JENKINS Chardonnay', NULL, '2019-06-13 13:37:31', '2019-06-13 13:37:31'),
(4477, 41902, 'icheck_0041901', 'sumit_123456_1560433037384', 26, 22, '15604330581560433035545.jpg', 'OXFORD LANDING PINOT GRIGIO', NULL, '2019-06-13 13:37:38', '2019-06-13 13:37:38'),
(4478, 41906, 'icheck_0041905', 'sumit_123456_1560433086217', 26, 22, '15604330971560433075318.jpg', 'PINNACLE VODKA WHIPPED FLAVORED', NULL, '2019-06-13 13:38:17', '2019-06-13 13:38:17'),
(4479, 41880, 'icheck_0041879', 'sumit_123456_1560433108425', 26, 22, '15604331341560433106714.jpg', 'CHABLIS', NULL, '2019-06-13 13:38:54', '2019-06-13 13:38:54'),
(4480, 41868, 'icheck_0041867', 'sumit_123456_1560433139607', 26, 22, '15604331731560433137622.jpg', 'PUNICA MONTESSU 14', NULL, '2019-06-13 13:39:33', '2019-06-13 13:39:33'),
(4481, 41884, 'icheck_0041883', 'sumit_123456_1560433158400', 26, 22, '15604331761560433156183.jpg', 'SUTTER HOME Sauvignon Blanc', NULL, '2019-06-13 13:39:36', '2019-06-13 13:39:36'),
(4482, 41900, 'icheck_0041899', 'sumit_123456_1560433174181', 26, 22, '15604332121560433172585.jpg', 'CAPA TEMPRANILLO 2014', NULL, '2019-06-13 13:40:12', '2019-06-13 13:40:12'),
(4483, 41910, 'icheck_0041909', 'sumit_123456_1560433196557', 26, 22, '15604332151560433191536.jpg', 'ARROWOOD CHARDONNAY SONOMA', NULL, '2019-06-13 13:40:15', '2019-06-13 13:40:15'),
(4484, 41896, 'icheck_0041895', 'sumit_123456_1560433213651', 26, 22, '15604332521560433211917.jpg', 'RAMON CARDOVA  RAMON CARDOVA RIOJA 750 ML', NULL, '2019-06-13 13:40:52', '2019-06-13 13:40:52'),
(4485, 41890, 'icheck_0041889', 'sumit_123456_1560433232324', 26, 22, '15604332561560433229880.jpg', 'SEAGRAM GIN & JUICE TROPICAL', NULL, '2019-06-13 13:40:56', '2019-06-13 13:40:56'),
(4486, 41874, 'icheck_0041873', 'sumit_123456_1560433263597', 26, 22, '15604332941560433261677.jpg', 'FAIRBANKS   CPD SHERRY', NULL, '2019-06-13 13:41:34', '2019-06-13 13:41:34'),
(4487, 41914, 'icheck_0041913', 'sumit_123456_1560433283219', 26, 22, '15604332991560433279525.jpg', 'MONTEVINA (AMADOR COUNTY) Chardonnay', NULL, '2019-06-13 13:41:39', '2019-06-13 13:41:39'),
(4488, 41897, 'icheck_0041896', 'sumit_123456_1560433324581', 26, 22, '15604333381560433322733.jpg', 'Ciroc Luxury Vodka 80 (VODKA-ALL)', NULL, '2019-06-13 13:42:18', '2019-06-13 13:42:18'),
(4489, 41887, 'icheck_0041886', 'sumit_123456_1560433349115', 26, 22, '15604333741560433347444.jpg', 'MOND MERLOT NAPA', NULL, '2019-06-13 13:42:54', '2019-06-13 13:42:54'),
(4490, 65471, 'icheck_0084067', 'hitesh_123456_1560433416371', 27, 21, '15604334211560433407162.jpg', 'TANQUERAY GIN 1.75L', NULL, '2019-06-13 13:43:41', '2019-06-13 13:43:41'),
(4491, 65471, 'icheck_0084067', 'hitesh_123456_1560433416371', 27, 21, '15604334211560433414936.jpg', 'TANQUERAY GIN 1.75L', NULL, '2019-06-13 13:43:41', '2019-06-13 13:43:41'),
(4492, 64737, 'icheck_0084067', 'hitesh_123456_1560433491509', 27, 21, '15604335181560433483072.jpg', 'ULYSSES NAPA VALLEY CABERNET SAUVIGNON 2012 750ML', NULL, '2019-06-13 13:45:18', '2019-06-13 13:45:18'),
(4493, 64737, 'icheck_0084067', 'hitesh_123456_1560433491509', 27, 21, '15604335181560433490213.jpg', 'ULYSSES NAPA VALLEY CABERNET SAUVIGNON 2012 750ML', NULL, '2019-06-13 13:45:18', '2019-06-13 13:45:18'),
(4502, 64475, 'icheck_0064474', 'sumit_123456_1560509135916', 27, 1, '1560509154_00004_1560509151261.jpg', 'VZNLINK COUPON EACH', NULL, '2019-06-14 10:45:54', '2019-06-14 10:45:54'),
(4504, 84859, 'icheck_0084858', 'sumit_123456_1560511284813', 27, 1, '1560511331_1231231_1560511307895.jpg', 'new_item_location1_1560511285933', NULL, '2019-06-14 11:22:11', '2019-06-14 11:22:11'),
(4505, 84859, 'icheck_0084858', 'sumit_123456_1560511284813', 27, 1, '1560511331_1231231_1560511317357.jpg', 'new_item_location1_1560511285933', NULL, '2019-06-14 11:22:11', '2019-06-14 11:22:11'),
(4507, 84861, 'icheck_0084858', 'sumit_123456_1560512534306', 27, 1, '1560512607_123123_1560512555086.jpg', 'new_item_location1_1560512535450', NULL, '2019-06-14 11:43:27', '2019-06-14 11:43:27'),
(4508, 84861, 'icheck_0084858', 'sumit_123456_1560512534306', 27, 1, '1560512607_123123_1560512565331.jpg', 'new_item_location1_1560512535450', NULL, '2019-06-14 11:43:27', '2019-06-14 11:43:27'),
(4509, 84861, 'icheck_0084858', 'sumit_123456_1560512534306', 27, 1, '1560512607_123123_1560512574988.jpg', 'new_item_location1_1560512535450', NULL, '2019-06-14 11:43:27', '2019-06-14 11:43:27'),
(4510, 64475, 'icheck_0064474', 'sumit_123456_1560512721022', 27, 1, '1560512735_00004_1560512732394.jpg', 'VZNLINK COUPON EACH', NULL, '2019-06-14 11:45:35', '2019-06-14 11:45:35'),
(4511, 64478, 'icheck_0064477', 'sumit_123456_1560513090688', 27, 1, '1560513118_00007_1560513105157.jpg', 'TAP DEPOSIT EACH', NULL, '2019-06-14 11:51:58', '2019-06-14 11:51:58'),
(4512, 64478, 'icheck_0064477', 'sumit_123456_1560513090688', 27, 1, '1560513118_00007_1560513115250.jpg', 'TAP DEPOSIT EACH', NULL, '2019-06-14 11:51:58', '2019-06-14 11:51:58'),
(4515, NULL, 'icheck_0015622', 'sumit_123456_1560516628310', 24, 24, '1560516731_0015643254819_1560516729677.jpg', 'POUJEAUX 10 BEY', NULL, '2019-06-14 12:52:11', '2019-06-14 12:52:11'),
(4532, NULL, 'icheck_0015628', 'sumit_123456_1560516845990', 24, 24, '1560518703_0049331002307_1560518688045.jpg', 'LA CREMA PINOT NOIR SONOMA COAST', NULL, '2019-06-14 13:25:03', '2019-06-14 13:25:03'),
(4533, NULL, 'icheck_0015628', 'sumit_123456_1560516845990', 24, 24, '1560518703_0049331002307_1560518699995.jpg', 'LA CREMA PINOT NOIR SONOMA COAST', NULL, '2019-06-14 13:25:03', '2019-06-14 13:25:03'),
(4535, NULL, 'icheck_0015605', 'sumit_123456_1560517176406', 24, 24, '1560519183_000579000098_1560519165586.jpg', 'PINE RIDGE CHENIN BLANCVIOGNIER', NULL, '2019-06-14 13:33:03', '2019-06-14 13:33:03'),
(4536, NULL, 'icheck_0015605', 'sumit_123456_1560517176406', 24, 24, '1560519183_000579000098_1560519179658.jpg', 'PINE RIDGE CHENIN BLANCVIOGNIER', NULL, '2019-06-14 13:33:03', '2019-06-14 13:33:03'),
(4537, 15598, 'icheck_000', 'mukesh_12345_1582872890423', 24, 20, '1582872958_000171300008_1582873010032.jpg', 'CASAL THAULERO MONT D ABRUZZO', NULL, '2020-02-28 06:55:58', '2020-02-28 06:55:58'),
(4541, 104566, 'icheck_00104565', 'mukesh_12345_1597667911172', 28, 21, '1597667993_00008_1597668144600.jpg', 'KEG DEPOSIT EACH', NULL, '2020-08-17 12:39:53', '2020-08-17 12:39:53'),
(4542, 106713, 'icheck_00106712', 'anwar_1234_1647505974591', 28, 22, '1647506299_1234567892_1647506287007.jpg', 'Aisle 3_new_', NULL, '2022-03-17 08:38:19', '2022-03-17 08:38:19'),
(4543, 106714, 'icheck_00106713', 'mukesh_12345_1647506529589', 28, 20, '1647506683_1122334455667788_1647506667762.jpg', 'Aisle 1_new_', NULL, '2022-03-17 08:44:43', '2022-03-17 08:44:43'),
(4544, 106715, 'icheck_00106714', 'mukesh_12345_1647509253893', 28, 22, '1647509293_1223345556668_1647509285623.jpg', 'Aisle 3_new_', NULL, '2022-03-17 09:28:13', '2022-03-17 09:28:13'),
(4545, 106716, 'icheck_00106715', 'mukesh_12345_1647517299788', 28, 22, '1647517349_9999999655535353_1647517340148.jpg', 'Aisle 3_new_', NULL, '2022-03-17 11:42:29', '2022-03-17 11:42:29'),
(4546, 106717, 'icheck_00106716', 'mukesh_12345_1647517388000', 28, 22, '1647517410_937736363637737_1647517404417.jpg', 'Aisle 3_new_', NULL, '2022-03-17 11:43:30', '2022-03-17 11:43:30'),
(4547, 106718, 'icheck_00106717', 'sumit_123456_1647524430695', 28, 20, '1647524515_2356878521235468_1647524503080.jpg', 'Aisle 1_new_', NULL, '2022-03-17 13:41:55', '2022-03-17 13:41:55'),
(4548, 106719, 'icheck_00106718', 'sumit_123456_1647524975518', 28, 20, '1647525032_5289632178522555_1647525018873.jpg', 'Aisle 1_new_', NULL, '2022-03-17 13:50:32', '2022-03-17 13:50:32'),
(4549, 106720, 'icheck_00106719', 'sumit_123456_1647525703327', 28, 20, '1647525739_4542454646422133_1647525728029.jpg', 'Aisle 1_new_', NULL, '2022-03-17 14:02:19', '2022-03-17 14:02:19'),
(4550, 106727, 'icheck_00106726', 'sumit_123456_1647528717314', 28, 22, '1647528739_5446431649754646_1647528733945.jpg', 'Aisle 3_new_', NULL, '2022-03-17 14:52:19', '2022-03-17 14:52:19'),
(4551, 106730, 'icheck_00106729', 'sumit_123456_1647529691057', 28, 20, '1647529722_123123123123_1647529710001.jpg', 'Aisle 1_new_', NULL, '2022-03-17 15:08:42', '2022-03-17 15:08:42'),
(4552, 106731, 'icheck_00106730', 'sumit_123456_1647529788073', 28, 20, '1647529831_124124124124_1647529820559.jpg', 'sumit new item', NULL, '2022-03-17 15:10:31', '2022-03-17 15:10:31'),
(4553, 106734, 'icheck_00106733', 'sumit_123456_1647530708611', 28, 20, '1647530736_246164616164646_1647530728133.jpg', 'Aisle 1_new_', NULL, '2022-03-17 15:25:36', '2022-03-17 15:25:36');

-- --------------------------------------------------------

--
-- Table structure for table `locationdetails`
--

CREATE TABLE `locationdetails` (
  `id` int(11) NOT NULL,
  `location_id` int(10) DEFAULT NULL,
  `inventory_id` int(10) DEFAULT NULL,
  `location_status` varchar(255) DEFAULT NULL,
  `created_at` datetime DEFAULT NULL,
  `updated_at` datetime DEFAULT NULL
) ENGINE=InnoDB DEFAULT CHARSET=latin1;

--
-- Dumping data for table `locationdetails`
--

INSERT INTO `locationdetails` (`id`, `location_id`, `inventory_id`, `location_status`, `created_at`, `updated_at`) VALUES
(616, 2, 20, 'pending', '2019-06-08 16:22:35', '2019-06-08 16:22:35'),
(617, 20, 20, 'pending', '2019-06-08 16:22:35', '2019-06-08 16:22:35'),
(618, 21, 20, 'pending', '2019-06-08 16:22:35', '2019-06-08 16:22:35'),
(619, 60, 20, 'pending', NULL, NULL),
(673, 1, 23, 'pending', '2019-06-10 08:56:35', '2019-06-10 08:56:35'),
(674, 2, 23, 'pending', '2019-06-10 08:56:35', '2019-06-10 08:56:35'),
(675, 57, 23, 'pending', '2019-06-10 08:56:35', '2019-06-10 08:56:35'),
(676, 58, 23, 'pending', '2019-06-10 08:56:35', '2019-06-10 08:56:35'),
(677, 59, 23, 'pending', '2019-06-10 08:56:35', '2019-06-10 08:56:35'),
(678, 63, 23, 'pending', '2019-06-10 08:56:35', '2019-06-10 08:56:35'),
(679, 64, 23, 'pending', '2019-06-10 08:56:35', '2019-06-10 08:56:35'),
(911, 1, 16, 'pending', '2020-05-18 11:25:43', '2020-05-18 11:25:43'),
(912, 2, 16, 'pending', '2020-05-18 11:25:43', '2020-05-18 11:25:43'),
(913, 20, 16, 'pending', '2020-05-18 11:25:43', '2020-05-18 11:25:43'),
(914, 21, 16, 'pending', '2020-05-18 11:25:43', '2020-05-18 11:25:43'),
(915, 22, 16, 'pending', '2020-05-18 11:25:43', '2020-05-18 11:25:43'),
(917, 20, 18, 'pending', '2020-05-18 11:26:30', '2020-05-18 11:26:30'),
(918, 21, 18, 'pending', '2020-05-18 11:26:30', '2020-05-18 11:26:30'),
(919, 22, 18, 'pending', '2020-05-18 11:26:30', '2020-05-18 11:26:30'),
(920, 23, 18, 'pending', '2020-05-18 11:26:30', '2020-05-18 11:26:30'),
(921, 47, 19, 'pending', '2020-05-18 11:26:51', '2020-05-18 11:26:51'),
(922, 48, 19, 'pending', '2020-05-18 11:26:51', '2020-05-18 11:26:51'),
(923, 49, 19, 'pending', '2020-05-18 11:26:51', '2020-05-18 11:26:51'),
(924, 50, 19, 'pending', '2020-05-18 11:26:51', '2020-05-18 11:26:51'),
(925, 51, 19, 'pending', '2020-05-18 11:26:51', '2020-05-18 11:26:51'),
(926, 52, 19, 'pending', '2020-05-18 11:26:51', '2020-05-18 11:26:51'),
(927, 53, 19, 'pending', '2020-05-18 11:26:51', '2020-05-18 11:26:51'),
(928, 54, 19, 'pending', '2020-05-18 11:26:51', '2020-05-18 11:26:51'),
(929, 55, 19, 'pending', '2020-05-18 11:26:51', '2020-05-18 11:26:51'),
(930, 57, 19, 'pending', '2020-05-18 11:26:51', '2020-05-18 11:26:51'),
(931, 58, 19, 'pending', '2020-05-18 11:26:51', '2020-05-18 11:26:51'),
(932, 61, 19, 'pending', '2020-05-18 11:26:51', '2020-05-18 11:26:51'),
(938, 1, 27, 'pending', '2020-05-18 11:27:45', '2020-05-18 11:27:45'),
(939, 2, 27, 'pending', '2020-05-18 11:27:45', '2020-05-18 11:27:45'),
(940, 20, 27, 'pending', '2020-05-18 11:27:45', '2020-05-18 11:27:45'),
(941, 21, 27, 'pending', '2020-05-18 11:27:45', '2020-05-18 11:27:45'),
(942, 22, 27, 'pending', '2020-05-18 11:27:45', '2020-05-18 11:27:45'),
(943, 23, 27, 'pending', '2020-05-18 11:27:45', '2020-05-18 11:27:45'),
(944, 24, 27, 'pending', '2020-05-18 11:27:45', '2020-05-18 11:27:45'),
(945, 25, 27, 'pending', '2020-05-18 11:27:45', '2020-05-18 11:27:45'),
(960, 20, 24, 'pending', '2020-05-18 13:07:17', '2020-05-18 13:07:17'),
(961, 21, 24, 'pending', '2020-05-18 13:07:17', '2020-05-18 13:07:17'),
(962, 22, 24, 'pending', '2020-05-18 13:07:17', '2020-05-18 13:07:17'),
(963, 23, 24, 'pending', '2020-05-18 13:07:17', '2020-05-18 13:07:17'),
(964, 24, 24, 'pending', '2020-05-18 13:07:17', '2020-05-18 13:07:17'),
(965, 20, 26, 'pending', '2020-05-18 13:07:27', '2020-05-18 13:07:27'),
(966, 21, 26, 'pending', '2020-05-18 13:07:27', '2020-05-18 13:07:27'),
(967, 22, 26, 'pending', '2020-05-18 13:07:27', '2020-05-18 13:07:27'),
(968, 23, 26, 'pending', '2020-05-18 13:07:27', '2020-05-18 13:07:27'),
(969, 24, 26, 'pending', '2020-05-18 13:07:27', '2020-05-18 13:07:27'),
(970, 25, 26, 'pending', '2020-05-18 13:07:27', '2020-05-18 13:07:27'),
(986, 20, 17, 'pending', '2020-06-12 09:56:39', '2020-06-12 09:56:39'),
(999, 62, 29, 'pending', '2022-04-21 12:00:22', '2022-04-21 12:00:22'),
(1000, 63, 29, 'pending', '2022-04-21 12:00:22', '2022-04-21 12:00:22'),
(1007, 20, 28, 'pending', '2022-09-07 09:34:23', '2022-09-07 09:34:23'),
(1008, 21, 28, 'pending', '2022-09-07 09:34:23', '2022-09-07 09:34:23'),
(1009, 22, 28, 'pending', '2022-09-07 09:34:23', '2022-09-07 09:34:23');

-- --------------------------------------------------------

--
-- Table structure for table `locations`
--

CREATE TABLE `locations` (
  `id` int(11) NOT NULL,
  `store_name` varchar(50) DEFAULT NULL,
  `name` varchar(100) DEFAULT NULL,
  `status` tinyint(1) NOT NULL DEFAULT '1',
  `created_at` datetime DEFAULT CURRENT_TIMESTAMP,
  `updated_at` datetime DEFAULT CURRENT_TIMESTAMP,
  `deleted_at` datetime DEFAULT NULL
) ENGINE=InnoDB DEFAULT CHARSET=latin1;

--
-- Dumping data for table `locations`
--

INSERT INTO `locations` (`id`, `store_name`, `name`, `status`, `created_at`, `updated_at`, `deleted_at`) VALUES
(1, 'store1', 'location1', 1, '2019-04-26 08:21:49', '2019-04-26 08:21:49', NULL),
(2, 'store1', 'location2', 1, '2019-04-26 08:22:00', '2019-04-26 08:22:00', NULL),
(20, 'Mega', 'Aisle 1', 1, '2019-04-27 04:19:44', '2019-04-27 04:19:44', NULL),
(21, 'Mega', 'Aisle 2', 1, '2019-04-27 04:19:50', '2019-04-27 04:19:50', NULL),
(22, 'Mega', 'Aisle 3', 1, '2019-04-27 04:19:58', '2019-04-27 04:19:58', NULL),
(23, 'Mega', 'Aisle 4', 1, '2019-04-27 04:20:05', '2019-04-27 04:20:05', NULL),
(24, 'Mega', 'Aisle 5', 1, '2019-04-27 16:24:48', '2019-04-27 16:24:48', NULL),
(25, 'Mega', 'Aisle 6', 1, '2019-04-27 16:24:59', '2019-04-27 16:24:59', NULL),
(26, 'Mega', 'Aisle 7', 1, '2019-04-27 16:25:15', '2019-04-27 16:25:28', NULL),
(27, 'Mega', 'Aisle 8', 1, '2019-04-27 16:25:39', '2019-04-27 16:25:39', NULL),
(28, 'Mega', 'Aisle 9', 1, '2019-04-27 16:25:48', '2019-04-27 16:25:48', NULL),
(29, 'Mega', 'Aisle 10', 1, '2019-04-27 16:25:54', '2019-04-27 16:25:54', NULL),
(30, 'Mega', 'Aisle 11', 1, '2019-04-27 16:26:00', '2019-04-27 16:26:00', NULL),
(31, 'Mega', 'Aisle 12', 1, '2019-04-27 16:26:08', '2019-04-27 16:26:08', NULL),
(32, 'Mega', 'Aisle 13', 1, '2019-04-27 16:26:14', '2019-04-27 16:26:14', NULL),
(33, 'Mega', 'Aisle 14', 1, '2019-04-27 16:26:20', '2019-04-27 16:26:20', NULL),
(34, 'Mega', 'Aisle 15', 1, '2019-04-27 16:26:35', '2019-04-27 16:26:35', NULL),
(35, 'Mega', 'Aisle 16', 1, '2019-04-27 16:26:46', '2019-04-27 16:27:33', NULL),
(36, 'Mega', 'Aise 17', 1, '2019-04-27 16:28:30', '2019-04-27 16:28:30', NULL),
(37, 'Mega', 'Aisle 18', 1, '2019-04-27 16:28:42', '2019-04-27 16:28:42', NULL),
(38, 'Mega', 'Aisle 19', 1, '2019-04-27 16:28:49', '2019-04-27 16:28:49', NULL),
(39, 'Mega', 'Aisle 20', 1, '2019-04-27 16:29:02', '2019-04-27 16:29:02', NULL),
(40, 'Mega', 'Aisle 21', 1, '2019-04-27 16:29:12', '2019-04-27 16:29:12', NULL),
(41, 'Mega', 'Aisle 22', 1, '2019-04-27 16:29:21', '2019-04-27 16:29:21', NULL),
(42, 'Mega', 'Aisle 23', 1, '2019-04-27 16:29:28', '2019-04-27 16:29:28', NULL),
(43, 'Mega', 'Aisle 24', 1, '2019-04-27 16:29:37', '2019-04-27 16:29:37', NULL),
(44, 'Mega', 'Front', 1, '2019-04-27 16:29:48', '2019-04-27 16:29:48', NULL),
(45, 'Mega', 'Back Aisle', 1, '2019-04-27 16:30:05', '2019-04-27 16:30:05', NULL),
(46, 'Mega', 'Premium', 1, '2019-04-28 01:38:46', '2019-04-28 01:38:46', NULL),
(47, NULL, '1', 1, '2019-05-11 15:50:55', '2019-05-11 15:50:55', NULL),
(48, NULL, '2', 1, '2019-05-11 15:53:11', '2019-05-11 15:53:11', NULL),
(49, NULL, '3', 1, '2019-05-11 15:53:11', '2019-05-11 15:53:11', NULL),
(50, NULL, '4', 1, '2019-05-11 15:53:11', '2019-05-11 15:53:11', NULL),
(51, NULL, '5', 1, '2019-05-11 15:53:11', '2019-05-11 15:53:11', NULL),
(52, NULL, '6', 1, '2019-05-11 15:53:11', '2019-05-11 15:53:11', NULL),
(53, NULL, '7 - Floor', 1, '2019-05-11 15:53:11', '2019-05-11 15:53:11', NULL),
(54, NULL, '8 - Floor', 1, '2019-05-11 15:53:11', '2019-05-11 15:53:11', NULL),
(55, NULL, '9 - Floor', 1, '2019-06-08 13:53:20', '2019-06-08 13:53:20', NULL),
(57, 'Georges', 'Wine Rack', 1, '2019-06-08 09:54:44', '2019-06-08 09:54:44', NULL),
(58, 'Georges', 'Cooler', 1, '2019-06-08 09:54:59', '2019-06-08 09:54:59', NULL),
(59, 'Freeway', 'Basement', 1, '2019-06-08 09:55:23', '2019-06-08 09:55:23', NULL),
(60, NULL, '12345678', 1, '2019-06-08 20:22:35', '2019-06-08 20:22:35', NULL),
(61, 'Georges', 'Test Sagar', 1, '2019-06-08 19:39:00', '2019-06-08 19:39:00', NULL),
(62, NULL, 'JMC', 1, '2020-06-12 13:34:08', '2020-06-12 13:34:08', NULL),
(63, NULL, 'National', 1, '2020-06-12 13:34:08', '2020-06-12 13:34:08', NULL);

-- --------------------------------------------------------

--
-- Table structure for table `migrations`
--

CREATE TABLE `migrations` (
  `id` int(10) UNSIGNED NOT NULL,
  `migration` varchar(255) COLLATE utf8mb4_unicode_ci NOT NULL,
  `batch` int(11) NOT NULL
) ENGINE=InnoDB DEFAULT CHARSET=utf8mb4 COLLATE=utf8mb4_unicode_ci;

-- --------------------------------------------------------

--
-- Table structure for table `modules`
--

CREATE TABLE `modules` (
  `id` int(11) NOT NULL,
  `name` int(11) NOT NULL,
  `created_at` datetime NOT NULL,
  `updated_at` datetime NOT NULL
) ENGINE=InnoDB DEFAULT CHARSET=latin1;

-- --------------------------------------------------------

--
-- Table structure for table `notifications`
--

CREATE TABLE `notifications` (
  `id` int(11) NOT NULL,
  `officer_id` int(11) NOT NULL,
  `offender_id` int(11) NOT NULL,
  `massage` text NOT NULL,
  `read_status` smallint(1) NOT NULL DEFAULT '0',
  `created_at` datetime NOT NULL,
  `updated_at` datetime NOT NULL
) ENGINE=InnoDB DEFAULT CHARSET=latin1;

--
-- Dumping data for table `notifications`
--

INSERT INTO `notifications` (`id`, `officer_id`, `offender_id`, `massage`, `read_status`, `created_at`, `updated_at`) VALUES
(3, 2, 9, 'dfsfsdfds', 0, '2018-09-10 00:00:00', '2018-09-09 00:00:00'),
(4, 2, 13, 'asdsaddsads', 0, '2018-09-09 00:00:00', '2018-09-09 00:00:00'),
(5, 15, 16, 'Officer is added a new restricted area.', 0, '2018-09-26 00:35:13', '2018-09-26 00:35:13');

-- --------------------------------------------------------

--
-- Table structure for table `oauth_auth_codes`
--

CREATE TABLE `oauth_auth_codes` (
  `id` varchar(100) COLLATE utf8mb4_unicode_ci NOT NULL,
  `user_id` int(11) NOT NULL,
  `client_id` int(11) NOT NULL,
  `scopes` text COLLATE utf8mb4_unicode_ci,
  `revoked` tinyint(1) NOT NULL,
  `expires_at` datetime DEFAULT NULL
) ENGINE=InnoDB DEFAULT CHARSET=utf8mb4 COLLATE=utf8mb4_unicode_ci;

-- --------------------------------------------------------

--
-- Table structure for table `oauth_personal_access_clients`
--

CREATE TABLE `oauth_personal_access_clients` (
  `id` int(10) UNSIGNED NOT NULL,
  `client_id` int(11) NOT NULL,
  `created_at` timestamp NULL DEFAULT NULL,
  `updated_at` timestamp NULL DEFAULT NULL
) ENGINE=InnoDB DEFAULT CHARSET=utf8mb4 COLLATE=utf8mb4_unicode_ci;

--
-- Dumping data for table `oauth_personal_access_clients`
--

INSERT INTO `oauth_personal_access_clients` (`id`, `client_id`, `created_at`, `updated_at`) VALUES
(1, 1, '2018-08-28 15:38:18', '2018-08-28 15:38:18');

-- --------------------------------------------------------

--
-- Table structure for table `static_pages`
--

CREATE TABLE `static_pages` (
  `id` int(11) NOT NULL,
  `slug` varchar(255) DEFAULT NULL,
  `title` varchar(255) DEFAULT NULL,
  `body` text,
  `meta_info` text,
  `status` int(11) DEFAULT NULL,
  `created_at` datetime DEFAULT NULL,
  `updated_at` datetime DEFAULT NULL
) ENGINE=InnoDB DEFAULT CHARSET=latin1;

--
-- Dumping data for table `static_pages`
--

INSERT INTO `static_pages` (`id`, `slug`, `title`, `body`, `meta_info`, `status`, `created_at`, `updated_at`) VALUES
(1, 'contact-support', 'contact support', 'This is about us page. This is about us page. This is about us page. This is about us page. This is about us page. This is about us page. This is about us page. This is about us page.  This is about us page. This is about us page. This is about us page.', NULL, 1, '2017-09-18 09:50:36', '2018-12-25 10:51:40'),
(2, 'inventory-project-online', 'inventory project online', 'Lorem Ipsum is simply dummy text of the printing and typesetting industry. Lorem Ipsum has been the industry\'s standard dummy text ever since the 1500s, when an unknown printer took a galley of type and scrambled it to make a type specimen book. It has survived not only five centuries, but also the leap into electronic typesetting, remaining essentially unchanged. It was popularised in the 1960s with the release of Letraset sheets containing Lorem Ipsum passages, and more recently with desktop publishing software like Aldus PageMaker including versions of Lorem Ipsum.', NULL, 1, '2018-12-25 08:35:56', '2018-12-25 10:52:21'),
(3, 'scanning', 'scanning', 'Lorem Ipsum is simply dummy text of the printing and typesetting industry. Lorem Ipsum has been the industry\'s standard dummy text ever since the 1500s, when an unknown printer took a galley of type and scrambled it to make a type specimen book. It has survived not only five centuries, but also the leap into electronic typesetting, remaining essentially unchanged. It was popularised in the 1960s with the release of Letraset sheets containing Lorem Ipsum passages, and more recently with desktop publishing software like Aldus PageMaker including versions of Lorem Ipsum.', NULL, 1, '2018-12-25 09:56:33', '2018-12-31 08:04:53'),
(4, 'items', 'items', 'Lorem Ipsum is simply dummy text of the printing and typesetting industry. Lorem Ipsum has been the industry\'s standard dummy text ever since the 1500s, when an unknown printer took a galley of type and scrambled it to make a type specimen book. It has survived not only five centuries, but also the leap into electronic typesetting, remaining essentially unchanged. It was popularised in the 1960s with the release of Letraset sheets containing Lorem Ipsum passages, and more recently with desktop publishing software like Aldus PageMaker including versions of Lorem Ipsum.', NULL, 1, '2018-12-25 10:53:21', '2018-12-25 10:53:21'),
(5, 'inventories', 'inventories', 'Lorem Ipsum is simply dummy text of the printing and typesetting industry. Lorem Ipsum has been the industry\'s standard dummy text ever since the 1500s, when an unknown printer took a galley of type and scrambled it to make a type specimen book. It has survived not only five centuries, but also the leap into electronic typesetting, remaining essentially unchanged. It was popularised in the 1960s with the release of Letraset sheets containing Lorem Ipsum passages, and more recently with desktop publishing software like Aldus PageMaker including versions of Lorem Ipsum.', NULL, 1, '2018-12-25 10:55:53', '2018-12-31 08:05:02'),
(6, 'getting-started', 'getting started', 'Lorem Ipsum is simply dummy text of the printing and typesetting industry. Lorem Ipsum has been the industry\'s standard dummy text ever since the 1500s, when an unknown printer took a galley of type and scrambled it to make a type specimen book. It has survived not only five centuries, but also the leap into electronic typesetting, remaining essentially unchanged. It was popularised in the 1960s with the release of Letraset sheets containing Lorem Ipsum passages, and more recently with desktop publishing software like Aldus PageMaker including versions of Lorem Ipsum.', NULL, 1, '2018-12-25 10:56:34', '2018-12-25 10:56:34');

-- --------------------------------------------------------

--
-- Table structure for table `user_login_detail`
--

CREATE TABLE `user_login_detail` (
  `id` int(11) NOT NULL,
  `user_id` int(11) DEFAULT NULL,
  `device_id` varchar(255) DEFAULT NULL,
  `is_sync` varchar(255) DEFAULT NULL,
  `created_at` datetime DEFAULT CURRENT_TIMESTAMP,
  `updated_at` timestamp NOT NULL DEFAULT CURRENT_TIMESTAMP ON UPDATE CURRENT_TIMESTAMP,
  `deleted_at` datetime DEFAULT NULL
) ENGINE=InnoDB DEFAULT CHARSET=latin1;

--
-- Dumping data for table `user_login_detail`
--

INSERT INTO `user_login_detail` (`id`, `user_id`, `device_id`, `is_sync`, `created_at`, `updated_at`, `deleted_at`) VALUES
(14, 149, 'a9642dfca81e5f69', '1', '2019-05-08 13:51:51', '2019-05-08 13:51:51', NULL),
(16, 149, 'ba44a1a16b50572f', '1', '2019-05-08 14:41:11', '2019-05-08 14:41:11', NULL);

--
-- Indexes for dumped tables
--

--
-- Indexes for table `emails`
--
ALTER TABLE `emails`
  ADD PRIMARY KEY (`id`);

--
-- Indexes for table `inventoriesdetails`
--
ALTER TABLE `inventoriesdetails`
  ADD PRIMARY KEY (`id`),
  ADD KEY `item_id` (`item_id`),
  ADD KEY `inventory_id` (`inventory_id`),
  ADD KEY `type` (`type`),
  ADD KEY `unitbarcode` (`unitbarcode`);

--
-- Indexes for table `inventory_fields`
--
ALTER TABLE `inventory_fields`
  ADD PRIMARY KEY (`id`);

--
-- Indexes for table `inventory_field_location`
--
ALTER TABLE `inventory_field_location`
  ADD PRIMARY KEY (`id`);

--
-- Indexes for table `inventory_users`
--
ALTER TABLE `inventory_users`
  ADD PRIMARY KEY (`id`);

--
-- Indexes for table `items`
--
ALTER TABLE `items`
  ADD PRIMARY KEY (`id`),
  ADD KEY `unitbarcode` (`unitbarcode`),
  ADD KEY `type` (`type`);

--
-- Indexes for table `itemtypes`
--
ALTER TABLE `itemtypes`
  ADD PRIMARY KEY (`id`);

--
-- Indexes for table `item_images`
--
ALTER TABLE `item_images`
  ADD PRIMARY KEY (`id`),
  ADD KEY `item_id` (`item_id`),
  ADD KEY `inventory_id` (`inventory_id`),
  ADD KEY `casebarcode` (`casebarcode`);

--
-- Indexes for table `locationdetails`
--
ALTER TABLE `locationdetails`
  ADD PRIMARY KEY (`id`),
  ADD UNIQUE KEY `id` (`id`);

--
-- Indexes for table `locations`
--
ALTER TABLE `locations`
  ADD PRIMARY KEY (`id`);

--
-- Indexes for table `migrations`
--
ALTER TABLE `migrations`
  ADD PRIMARY KEY (`id`);

--
-- Indexes for table `modules`
--
ALTER TABLE `modules`
  ADD PRIMARY KEY (`id`);

--
-- Indexes for table `notifications`
--
ALTER TABLE `notifications`
  ADD PRIMARY KEY (`id`);

--
-- Indexes for table `oauth_auth_codes`
--
ALTER TABLE `oauth_auth_codes`
  ADD PRIMARY KEY (`id`);

--
-- Indexes for table `oauth_personal_access_clients`
--
ALTER TABLE `oauth_personal_access_clients`
  ADD PRIMARY KEY (`id`),
  ADD KEY `oauth_personal_access_clients_client_id_index` (`client_id`);

--
-- Indexes for table `static_pages`
--
ALTER TABLE `static_pages`
  ADD PRIMARY KEY (`id`);

--
-- Indexes for table `user_login_detail`
--
ALTER TABLE `user_login_detail`
  ADD PRIMARY KEY (`id`);

--
-- AUTO_INCREMENT for dumped tables
--

--
-- AUTO_INCREMENT for table `emails`
--
ALTER TABLE `emails`
  MODIFY `id` int(11) NOT NULL AUTO_INCREMENT, AUTO_INCREMENT=6;
--
-- AUTO_INCREMENT for table `inventoriesdetails`
--
ALTER TABLE `inventoriesdetails`
  MODIFY `id` int(20) NOT NULL AUTO_INCREMENT, AUTO_INCREMENT=3194;
--
-- AUTO_INCREMENT for table `inventory_fields`
--
ALTER TABLE `inventory_fields`
  MODIFY `id` int(11) NOT NULL AUTO_INCREMENT, AUTO_INCREMENT=873;
--
-- AUTO_INCREMENT for table `inventory_field_location`
--
ALTER TABLE `inventory_field_location`
  MODIFY `id` int(11) NOT NULL AUTO_INCREMENT, AUTO_INCREMENT=342;
--
-- AUTO_INCREMENT for table `inventory_users`
--
ALTER TABLE `inventory_users`
  MODIFY `id` int(10) NOT NULL AUTO_INCREMENT, AUTO_INCREMENT=913;
--
-- AUTO_INCREMENT for table `items`
--
ALTER TABLE `items`
  MODIFY `id` int(11) NOT NULL AUTO_INCREMENT, AUTO_INCREMENT=106753;
--
-- AUTO_INCREMENT for table `itemtypes`
--
ALTER TABLE `itemtypes`
  MODIFY `id` int(11) NOT NULL AUTO_INCREMENT, AUTO_INCREMENT=17;
--
-- AUTO_INCREMENT for table `item_images`
--
ALTER TABLE `item_images`
  MODIFY `id` int(11) NOT NULL AUTO_INCREMENT, AUTO_INCREMENT=4554;
--
-- AUTO_INCREMENT for table `locationdetails`
--
ALTER TABLE `locationdetails`
  MODIFY `id` int(11) NOT NULL AUTO_INCREMENT, AUTO_INCREMENT=1010;
--
-- AUTO_INCREMENT for table `locations`
--
ALTER TABLE `locations`
  MODIFY `id` int(11) NOT NULL AUTO_INCREMENT, AUTO_INCREMENT=64;
--
-- AUTO_INCREMENT for table `migrations`
--
ALTER TABLE `migrations`
  MODIFY `id` int(10) UNSIGNED NOT NULL AUTO_INCREMENT;
--
-- AUTO_INCREMENT for table `modules`
--
ALTER TABLE `modules`
  MODIFY `id` int(11) NOT NULL AUTO_INCREMENT;
--
-- AUTO_INCREMENT for table `notifications`
--
ALTER TABLE `notifications`
  MODIFY `id` int(11) NOT NULL AUTO_INCREMENT, AUTO_INCREMENT=6;
--
-- AUTO_INCREMENT for table `oauth_personal_access_clients`
--
ALTER TABLE `oauth_personal_access_clients`
  MODIFY `id` int(10) UNSIGNED NOT NULL AUTO_INCREMENT, AUTO_INCREMENT=2;
--
-- AUTO_INCREMENT for table `static_pages`
--
ALTER TABLE `static_pages`
  MODIFY `id` int(11) NOT NULL AUTO_INCREMENT, AUTO_INCREMENT=7;
--
-- AUTO_INCREMENT for table `user_login_detail`
--
ALTER TABLE `user_login_detail`
  MODIFY `id` int(11) NOT NULL AUTO_INCREMENT, AUTO_INCREMENT=17;
